{"id":17854,"date":"2023-09-08T14:53:52","date_gmt":"2023-09-08T20:53:52","guid":{"rendered":"https:\/\/elsalvadorllantas.com\/?post_type=product&#038;p=17854"},"modified":"2026-04-05T05:46:39","modified_gmt":"2026-04-05T11:46:39","slug":"maxxis-215-65-r16-hp5-98v-tl-d-esr","status":"publish","type":"product","link":"https:\/\/elsalvadorllantas.com\/index.php\/producto\/maxxis-215-65-r16-hp5-98v-tl-d-esr\/","title":{"rendered":"Maxxis 215\/65 R16 HP5 98V TL D ESR"},"content":{"rendered":"<table style=\"height: 67px;\" border=\"2\" width=\"777\">\n<tbody>\n<tr style=\"text-align: center;\">\n<td>\u00cdndice de Velocidad<\/td>\n<td>\u00cdndice de Carga<\/td>\n<\/tr>\n<tr style=\"text-align: center;\">\n<td>V<\/td>\n<td>89<\/td>\n<\/tr>\n<\/tbody>\n<\/table>\n<p><img decoding=\"async\" class=\"alignnone wp-image-9763\" src=\"https:\/\/elsalvadorllantas.com\/wp-content\/uploads\/2018\/04\/Logo_Maxxis-menu.png\" alt=\"\" width=\"214\" height=\"45\" srcset=\"https:\/\/elsalvadorllantas.com\/wp-content\/uploads\/2018\/04\/Logo_Maxxis-menu.png 300w, https:\/\/elsalvadorllantas.com\/wp-content\/uploads\/2018\/04\/Logo_Maxxis-menu-64x13.png 64w\" sizes=\"(max-width: 214px) 100vw, 214px\" loading=\"lazy\" \/><\/p>\n<p><img fetchpriority=\"high\" decoding=\"async\" class=\"alignnone wp-image-10279\" src=\"https:\/\/elsalvadorllantas.com\/wp-content\/uploads\/2021\/11\/Imagen1-300x79.png\" alt=\"\" width=\"475\" height=\"125\" srcset=\"https:\/\/elsalvadorllantas.com\/wp-content\/uploads\/2021\/11\/Imagen1-300x79.png 300w, https:\/\/elsalvadorllantas.com\/wp-content\/uploads\/2021\/11\/Imagen1-600x159.png 600w, https:\/\/elsalvadorllantas.com\/wp-content\/uploads\/2021\/11\/Imagen1-64x17.png 64w, https:\/\/elsalvadorllantas.com\/wp-content\/uploads\/2021\/11\/Imagen1.png 632w\" sizes=\"(max-width: 475px) 100vw, 475px\" \/><\/p>\n<h2><strong><em><img decoding=\"async\" class=\" wp-image-10282 alignleft\" src=\"https:\/\/elsalvadorllantas.com\/wp-content\/uploads\/2021\/11\/MAXXIS-19560-R16-HP5-89V-TL-274x300.png\" alt=\"\" width=\"332\" height=\"364\" srcset=\"https:\/\/elsalvadorllantas.com\/wp-content\/uploads\/2021\/11\/MAXXIS-19560-R16-HP5-89V-TL-274x300.png 274w, https:\/\/elsalvadorllantas.com\/wp-content\/uploads\/2021\/11\/MAXXIS-19560-R16-HP5-89V-TL-64x70.png 64w, https:\/\/elsalvadorllantas.com\/wp-content\/uploads\/2021\/11\/MAXXIS-19560-R16-HP5-89V-TL.png 328w\" sizes=\"(max-width: 332px) 100vw, 332px\" loading=\"lazy\" \/>Maxxis Permita HP5<\/em><\/strong>:<\/h2>\n<p>Es un neum\u00e1tico de turismo \/ deportivo, con un dise\u00f1o moderno. Para cumplir los est\u00e1ndares de seguridad, manejo y agarre, requeridos por los \u00faltimos modelos de autom\u00f3viles y SUV.<\/p>\n<h3><strong><em>Generalidades<\/em><\/strong><\/h3>\n<p>Incorpora las \u00faltimas tecnolog\u00edas de compuestos de banda de rodadura de s\u00edlice para proporcionar altos niveles de seguridad y agarre en una amplia gama de condiciones.<\/p>\n<h3><strong><em>Caracter\u00edsticas de desempe\u00f1o:<\/em><\/strong><\/h3>\n<p>&nbsp;<\/p>\n<ul>\n<li>Compuesto completo de la banda de rodadura de s\u00edlice.<\/li>\n<\/ul>\n<p>&nbsp;<\/p>\n<ul>\n<li>Dise\u00f1o de relleno del tal\u00f3n ayudan a reducir la resistencia a la rodadura<\/li>\n<\/ul>\n<p>&nbsp;<\/p>\n<ul>\n<li>Comodidad de conducci\u00f3n y la tracci\u00f3n en mojado.<\/li>\n<\/ul>\n<h3><strong><em>Beneficios<\/em><\/strong><strong>:<\/strong><\/h3>\n<p>&nbsp;<\/p>\n<ul>\n<li>Banda de rodadura con gran agarre en curvas, evitando el hidroplaneo.<\/li>\n<\/ul>\n<p>&nbsp;<\/p>\n<ul>\n<li>Respuesta de direcci\u00f3n.<\/li>\n<\/ul>\n<p>&nbsp;<\/p>\n<ul>\n<li>Eficiencia en el consumo de combustible.<\/li>\n<\/ul>\n<p><img loading=\"lazy\" decoding=\"async\" class=\"alignnone size-medium wp-image-10281\" src=\"https:\/\/elsalvadorllantas.com\/wp-content\/uploads\/2021\/11\/Imagen4-210x300.png\" alt=\"\" width=\"210\" height=\"300\" srcset=\"https:\/\/elsalvadorllantas.com\/wp-content\/uploads\/2021\/11\/Imagen4-210x300.png 210w, https:\/\/elsalvadorllantas.com\/wp-content\/uploads\/2021\/11\/Imagen4-718x1024.png 718w, https:\/\/elsalvadorllantas.com\/wp-content\/uploads\/2021\/11\/Imagen4-768x1095.png 768w, https:\/\/elsalvadorllantas.com\/wp-content\/uploads\/2021\/11\/Imagen4-600x856.png 600w, https:\/\/elsalvadorllantas.com\/wp-content\/uploads\/2021\/11\/Imagen4-64x91.png 64w, https:\/\/elsalvadorllantas.com\/wp-content\/uploads\/2021\/11\/Imagen4.png 866w\" sizes=\"(max-width: 210px) 100vw, 210px\" \/><img loading=\"lazy\" decoding=\"async\" class=\"alignnone size-medium wp-image-10280\" src=\"https:\/\/elsalvadorllantas.com\/wp-content\/uploads\/2021\/11\/Imagen3-300x120.png\" alt=\"\" width=\"300\" height=\"120\" srcset=\"https:\/\/elsalvadorllantas.com\/wp-content\/uploads\/2021\/11\/Imagen3-300x120.png 300w, https:\/\/elsalvadorllantas.com\/wp-content\/uploads\/2021\/11\/Imagen3-768x306.png 768w, https:\/\/elsalvadorllantas.com\/wp-content\/uploads\/2021\/11\/Imagen3-600x239.png 600w, https:\/\/elsalvadorllantas.com\/wp-content\/uploads\/2021\/11\/Imagen3-64x25.png 64w, https:\/\/elsalvadorllantas.com\/wp-content\/uploads\/2021\/11\/Imagen3.png 871w\" sizes=\"(max-width: 300px) 100vw, 300px\" \/><\/p>\n","protected":false},"excerpt":{"rendered":"<p>\u00cdndice de Velocidad \u00cdndice de Carga V 89 Maxxis Permita HP5: Es un neum\u00e1tico de turismo \/ deportivo, con un dise\u00f1o moderno. Para cumplir los est\u00e1ndares de seguridad, manejo y agarre, requeridos por los \u00faltimos modelos de autom\u00f3viles y SUV. Generalidades Incorpora las \u00faltimas tecnolog\u00edas de compuestos de banda de rodadura de s\u00edlice para proporcionar<br \/><a class=\"more-link\" href=\"https:\/\/elsalvadorllantas.com\/index.php\/producto\/maxxis-215-65-r16-hp5-98v-tl-d-esr\/\"><br \/>\n        Ver m\u00e1s<span class=\"screen-reader-text\"> \u00abMaxxis 215\/65 R16 HP5 98V TL D ESR\u00bb<\/span><\/a><\/p>\n","protected":false},"featured_media":17955,"template":"","meta":{"_acf_changed":false},"product_brand":[],"product_cat":[2231,1880,2460,1858],"product_tag":[],"class_list":{"0":"post-17854","1":"product","2":"type-product","3":"status-publish","4":"has-post-thumbnail","6":"product_cat-215-65r16","7":"product_cat-maxxis","8":"product_cat-hp5","9":"product_cat-marca","11":"first","12":"outofstock","13":"sale","14":"shipping-taxable","15":"purchasable","16":"product-type-simple"},"acf":[],"yoast_head":"<!-- This site is optimized with the Yoast SEO plugin v26.8 - https:\/\/yoast.com\/product\/yoast-seo-wordpress\/ -->\r\n<title>Maxxis 215\/65 R16 HP5 98V TL D ESR - Centro de Servicio Do\u00f1o<\/title>\r\n<meta name=\"robots\" content=\"index, follow, max-snippet:-1, max-image-preview:large, max-video-preview:-1\" \/>\r\n<link rel=\"canonical\" href=\"https:\/\/elsalvadorllantas.com\/index.php\/producto\/maxxis-215-65-r16-hp5-98v-tl-d-esr\/\" \/>\r\n<meta property=\"og:locale\" content=\"es_ES\" \/>\r\n<meta property=\"og:type\" content=\"article\" \/>\r\n<meta property=\"og:title\" content=\"Maxxis 215\/65 R16 HP5 98V TL D ESR - Centro de Servicio Do\u00f1o\" \/>\r\n<meta property=\"og:description\" content=\"\u00cdndice de Velocidad \u00cdndice de Carga V 89 Maxxis Permita HP5: Es un neum\u00e1tico de turismo \/ deportivo, con un dise\u00f1o moderno. Para cumplir los est\u00e1ndares de seguridad, manejo y agarre, requeridos por los \u00faltimos modelos de autom\u00f3viles y SUV. Generalidades Incorpora las \u00faltimas tecnolog\u00edas de compuestos de banda de rodadura de s\u00edlice para proporcionar     Ver m\u00e1s &quot;Maxxis 215\/65 R16 HP5 98V TL D ESR&quot;\" \/>\r\n<meta property=\"og:url\" content=\"https:\/\/elsalvadorllantas.com\/index.php\/producto\/maxxis-215-65-r16-hp5-98v-tl-d-esr\/\" \/>\r\n<meta property=\"og:site_name\" content=\"Centro de Servicio Do\u00f1o\" \/>\r\n<meta property=\"article:modified_time\" content=\"2026-04-05T11:46:39+00:00\" \/>\r\n<meta property=\"og:image\" content=\"https:\/\/elsalvadorllantas.com\/wp-content\/uploads\/2022\/03\/HP5-Maxxis.jpg\" \/>\r\n\t<meta property=\"og:image:width\" content=\"1200\" \/>\r\n\t<meta property=\"og:image:height\" content=\"1200\" \/>\r\n\t<meta property=\"og:image:type\" content=\"image\/jpeg\" \/>\r\n<meta name=\"twitter:card\" content=\"summary_large_image\" \/>\r\n<meta name=\"twitter:label1\" content=\"Tiempo de lectura\" \/>\n\t<meta name=\"twitter:data1\" content=\"2 minutos\" \/>\r\n<script type=\"application\/ld+json\" class=\"yoast-schema-graph\">{\"@context\":\"https:\/\/schema.org\",\"@graph\":[{\"@type\":\"WebPage\",\"@id\":\"https:\/\/elsalvadorllantas.com\/index.php\/producto\/maxxis-215-65-r16-hp5-98v-tl-d-esr\/\",\"url\":\"https:\/\/elsalvadorllantas.com\/index.php\/producto\/maxxis-215-65-r16-hp5-98v-tl-d-esr\/\",\"name\":\"Maxxis 215\/65 R16 HP5 98V TL D ESR - Centro de Servicio Do\u00f1o\",\"isPartOf\":{\"@id\":\"https:\/\/elsalvadorllantas.com\/#website\"},\"primaryImageOfPage\":{\"@id\":\"https:\/\/elsalvadorllantas.com\/index.php\/producto\/maxxis-215-65-r16-hp5-98v-tl-d-esr\/#primaryimage\"},\"image\":{\"@id\":\"https:\/\/elsalvadorllantas.com\/index.php\/producto\/maxxis-215-65-r16-hp5-98v-tl-d-esr\/#primaryimage\"},\"thumbnailUrl\":\"https:\/\/elsalvadorllantas.com\/wp-content\/uploads\/2023\/09\/LLANTAS-MAXXIS-PREMITRA-HP5.jpg\",\"datePublished\":\"2023-09-08T20:53:52+00:00\",\"dateModified\":\"2026-04-05T11:46:39+00:00\",\"breadcrumb\":{\"@id\":\"https:\/\/elsalvadorllantas.com\/index.php\/producto\/maxxis-215-65-r16-hp5-98v-tl-d-esr\/#breadcrumb\"},\"inLanguage\":\"es\",\"potentialAction\":[{\"@type\":\"ReadAction\",\"target\":[\"https:\/\/elsalvadorllantas.com\/index.php\/producto\/maxxis-215-65-r16-hp5-98v-tl-d-esr\/\"]}]},{\"@type\":\"ImageObject\",\"inLanguage\":\"es\",\"@id\":\"https:\/\/elsalvadorllantas.com\/index.php\/producto\/maxxis-215-65-r16-hp5-98v-tl-d-esr\/#primaryimage\",\"url\":\"https:\/\/elsalvadorllantas.com\/wp-content\/uploads\/2023\/09\/LLANTAS-MAXXIS-PREMITRA-HP5.jpg\",\"contentUrl\":\"https:\/\/elsalvadorllantas.com\/wp-content\/uploads\/2023\/09\/LLANTAS-MAXXIS-PREMITRA-HP5.jpg\",\"width\":1200,\"height\":1200},{\"@type\":\"BreadcrumbList\",\"@id\":\"https:\/\/elsalvadorllantas.com\/index.php\/producto\/maxxis-215-65-r16-hp5-98v-tl-d-esr\/#breadcrumb\",\"itemListElement\":[{\"@type\":\"ListItem\",\"position\":1,\"name\":\"Inicio\",\"item\":\"https:\/\/elsalvadorllantas.com\/\"},{\"@type\":\"ListItem\",\"position\":2,\"name\":\"Tienda en linea\",\"item\":\"https:\/\/elsalvadorllantas.com\/index.php\/tienda-en-linea\/\"},{\"@type\":\"ListItem\",\"position\":3,\"name\":\"Maxxis 215\/65 R16 HP5 98V TL D ESR\"}]},{\"@type\":\"WebSite\",\"@id\":\"https:\/\/elsalvadorllantas.com\/#website\",\"url\":\"https:\/\/elsalvadorllantas.com\/\",\"name\":\"Centro de Servicio Do\u00f1o\",\"description\":\"Venta de Llantas Nuevas - \u00a1Cotiza Ya!\",\"publisher\":{\"@id\":\"https:\/\/elsalvadorllantas.com\/#organization\"},\"potentialAction\":[{\"@type\":\"SearchAction\",\"target\":{\"@type\":\"EntryPoint\",\"urlTemplate\":\"https:\/\/elsalvadorllantas.com\/?s={search_term_string}\"},\"query-input\":{\"@type\":\"PropertyValueSpecification\",\"valueRequired\":true,\"valueName\":\"search_term_string\"}}],\"inLanguage\":\"es\"},{\"@type\":\"Organization\",\"@id\":\"https:\/\/elsalvadorllantas.com\/#organization\",\"name\":\"Centro de Servicio Do\u00f1o\",\"url\":\"https:\/\/elsalvadorllantas.com\/\",\"logo\":{\"@type\":\"ImageObject\",\"inLanguage\":\"es\",\"@id\":\"https:\/\/elsalvadorllantas.com\/#\/schema\/logo\/image\/\",\"url\":\"https:\/\/elsalvadorllantas.com\/wp-content\/uploads\/2021\/12\/Logo_Don\u0303o_Editable-CMYK-2.png\",\"contentUrl\":\"https:\/\/elsalvadorllantas.com\/wp-content\/uploads\/2021\/12\/Logo_Don\u0303o_Editable-CMYK-2.png\",\"width\":2139,\"height\":779,\"caption\":\"Centro de Servicio Do\u00f1o\"},\"image\":{\"@id\":\"https:\/\/elsalvadorllantas.com\/#\/schema\/logo\/image\/\"}}]}<\/script>\r\n<!-- \/ Yoast SEO plugin. -->","yoast_head_json":{"title":"Maxxis 215\/65 R16 HP5 98V TL D ESR - Centro de Servicio Do\u00f1o","robots":{"index":"index","follow":"follow","max-snippet":"max-snippet:-1","max-image-preview":"max-image-preview:large","max-video-preview":"max-video-preview:-1"},"canonical":"https:\/\/elsalvadorllantas.com\/index.php\/producto\/maxxis-215-65-r16-hp5-98v-tl-d-esr\/","og_locale":"es_ES","og_type":"article","og_title":"Maxxis 215\/65 R16 HP5 98V TL D ESR - Centro de Servicio Do\u00f1o","og_description":"\u00cdndice de Velocidad \u00cdndice de Carga V 89 Maxxis Permita HP5: Es un neum\u00e1tico de turismo \/ deportivo, con un dise\u00f1o moderno. Para cumplir los est\u00e1ndares de seguridad, manejo y agarre, requeridos por los \u00faltimos modelos de autom\u00f3viles y SUV. Generalidades Incorpora las \u00faltimas tecnolog\u00edas de compuestos de banda de rodadura de s\u00edlice para proporcionar     Ver m\u00e1s \"Maxxis 215\/65 R16 HP5 98V TL D ESR\"","og_url":"https:\/\/elsalvadorllantas.com\/index.php\/producto\/maxxis-215-65-r16-hp5-98v-tl-d-esr\/","og_site_name":"Centro de Servicio Do\u00f1o","article_modified_time":"2026-04-05T11:46:39+00:00","og_image":[{"width":1200,"height":1200,"url":"https:\/\/elsalvadorllantas.com\/wp-content\/uploads\/2022\/03\/HP5-Maxxis.jpg","type":"image\/jpeg"}],"twitter_card":"summary_large_image","twitter_misc":{"Tiempo de lectura":"2 minutos"},"schema":{"@context":"https:\/\/schema.org","@graph":[{"@type":"WebPage","@id":"https:\/\/elsalvadorllantas.com\/index.php\/producto\/maxxis-215-65-r16-hp5-98v-tl-d-esr\/","url":"https:\/\/elsalvadorllantas.com\/index.php\/producto\/maxxis-215-65-r16-hp5-98v-tl-d-esr\/","name":"Maxxis 215\/65 R16 HP5 98V TL D ESR - Centro de Servicio Do\u00f1o","isPartOf":{"@id":"https:\/\/elsalvadorllantas.com\/#website"},"primaryImageOfPage":{"@id":"https:\/\/elsalvadorllantas.com\/index.php\/producto\/maxxis-215-65-r16-hp5-98v-tl-d-esr\/#primaryimage"},"image":{"@id":"https:\/\/elsalvadorllantas.com\/index.php\/producto\/maxxis-215-65-r16-hp5-98v-tl-d-esr\/#primaryimage"},"thumbnailUrl":"https:\/\/elsalvadorllantas.com\/wp-content\/uploads\/2023\/09\/LLANTAS-MAXXIS-PREMITRA-HP5.jpg","datePublished":"2023-09-08T20:53:52+00:00","dateModified":"2026-04-05T11:46:39+00:00","breadcrumb":{"@id":"https:\/\/elsalvadorllantas.com\/index.php\/producto\/maxxis-215-65-r16-hp5-98v-tl-d-esr\/#breadcrumb"},"inLanguage":"es","potentialAction":[{"@type":"ReadAction","target":["https:\/\/elsalvadorllantas.com\/index.php\/producto\/maxxis-215-65-r16-hp5-98v-tl-d-esr\/"]}]},{"@type":"ImageObject","inLanguage":"es","@id":"https:\/\/elsalvadorllantas.com\/index.php\/producto\/maxxis-215-65-r16-hp5-98v-tl-d-esr\/#primaryimage","url":"https:\/\/elsalvadorllantas.com\/wp-content\/uploads\/2023\/09\/LLANTAS-MAXXIS-PREMITRA-HP5.jpg","contentUrl":"https:\/\/elsalvadorllantas.com\/wp-content\/uploads\/2023\/09\/LLANTAS-MAXXIS-PREMITRA-HP5.jpg","width":1200,"height":1200},{"@type":"BreadcrumbList","@id":"https:\/\/elsalvadorllantas.com\/index.php\/producto\/maxxis-215-65-r16-hp5-98v-tl-d-esr\/#breadcrumb","itemListElement":[{"@type":"ListItem","position":1,"name":"Inicio","item":"https:\/\/elsalvadorllantas.com\/"},{"@type":"ListItem","position":2,"name":"Tienda en linea","item":"https:\/\/elsalvadorllantas.com\/index.php\/tienda-en-linea\/"},{"@type":"ListItem","position":3,"name":"Maxxis 215\/65 R16 HP5 98V TL D ESR"}]},{"@type":"WebSite","@id":"https:\/\/elsalvadorllantas.com\/#website","url":"https:\/\/elsalvadorllantas.com\/","name":"Centro de Servicio Do\u00f1o","description":"Venta de Llantas Nuevas - \u00a1Cotiza Ya!","publisher":{"@id":"https:\/\/elsalvadorllantas.com\/#organization"},"potentialAction":[{"@type":"SearchAction","target":{"@type":"EntryPoint","urlTemplate":"https:\/\/elsalvadorllantas.com\/?s={search_term_string}"},"query-input":{"@type":"PropertyValueSpecification","valueRequired":true,"valueName":"search_term_string"}}],"inLanguage":"es"},{"@type":"Organization","@id":"https:\/\/elsalvadorllantas.com\/#organization","name":"Centro de Servicio Do\u00f1o","url":"https:\/\/elsalvadorllantas.com\/","logo":{"@type":"ImageObject","inLanguage":"es","@id":"https:\/\/elsalvadorllantas.com\/#\/schema\/logo\/image\/","url":"https:\/\/elsalvadorllantas.com\/wp-content\/uploads\/2021\/12\/Logo_Don\u0303o_Editable-CMYK-2.png","contentUrl":"https:\/\/elsalvadorllantas.com\/wp-content\/uploads\/2021\/12\/Logo_Don\u0303o_Editable-CMYK-2.png","width":2139,"height":779,"caption":"Centro de Servicio Do\u00f1o"},"image":{"@id":"https:\/\/elsalvadorllantas.com\/#\/schema\/logo\/image\/"}}]}},"_links":{"self":[{"href":"https:\/\/elsalvadorllantas.com\/index.php\/wp-json\/wp\/v2\/product\/17854","targetHints":{"allow":["GET"]}}],"collection":[{"href":"https:\/\/elsalvadorllantas.com\/index.php\/wp-json\/wp\/v2\/product"}],"about":[{"href":"https:\/\/elsalvadorllantas.com\/index.php\/wp-json\/wp\/v2\/types\/product"}],"version-history":[{"count":0,"href":"https:\/\/elsalvadorllantas.com\/index.php\/wp-json\/wp\/v2\/product\/17854\/revisions"}],"wp:featuredmedia":[{"embeddable":true,"href":"https:\/\/elsalvadorllantas.com\/index.php\/wp-json\/wp\/v2\/media\/17955"}],"wp:attachment":[{"href":"https:\/\/elsalvadorllantas.com\/index.php\/wp-json\/wp\/v2\/media?parent=17854"}],"wp:term":[{"taxonomy":"product_brand","embeddable":true,"href":"https:\/\/elsalvadorllantas.com\/index.php\/wp-json\/wp\/v2\/product_brand?post=17854"},{"taxonomy":"product_cat","embeddable":true,"href":"https:\/\/elsalvadorllantas.com\/index.php\/wp-json\/wp\/v2\/product_cat?post=17854"},{"taxonomy":"product_tag","embeddable":true,"href":"https:\/\/elsalvadorllantas.com\/index.php\/wp-json\/wp\/v2\/product_tag?post=17854"}],"curies":[{"name":"wp","href":"https:\/\/api.w.org\/{rel}","templated":true}]}}