{"id":18048,"date":"2023-10-20T14:29:59","date_gmt":"2023-10-20T20:29:59","guid":{"rendered":"https:\/\/elsalvadorllantas.com\/?post_type=product&#038;p=18048"},"modified":"2026-04-13T23:24:11","modified_gmt":"2026-04-14T05:24:11","slug":"maxxis-155-70-me3-r13-75t-tl","status":"publish","type":"product","link":"https:\/\/elsalvadorllantas.com\/index.php\/producto\/maxxis-155-70-me3-r13-75t-tl\/","title":{"rendered":"Maxxis 155\/70 ME3 R13 75T TL"},"content":{"rendered":"<table style=\"height: 67px;\" border=\"2\" width=\"777\">\n<tbody>\n<tr style=\"text-align: center;\">\n<td>Lonaje<\/td>\n<td>\u00cdndice de Carga<\/td>\n<\/tr>\n<tr style=\"text-align: center;\">\n<td>10PR<\/td>\n<td>75T<\/td>\n<\/tr>\n<\/tbody>\n<\/table>\n<h2>MECOTRA ME3<\/h2>\n<p>Este econ\u00f3mico neum\u00e1tico para autom\u00f3viles est\u00e1 dise\u00f1ado para ayudar a aumentar la eficiencia de combustible de veh\u00edculos m\u00e1s peque\u00f1os mientras mantiene distancias de frenado efectivas para una seguridad \u00f3ptima.<\/p>\n<ul>\n<li>S\u00e9ptimo lugar en la prueba de neum\u00e1ticos de verano ADAC 2019<\/li>\n<li>\u00abConsumo de combustible muy bajo\u00bb seg\u00fan la prueba de neum\u00e1ticos ADAC 2019<\/li>\n<li>Dise\u00f1ado para reducir el consumo de combustible mientras se mantiene la comodidad<\/li>\n<li>Resistente al aquaplaning<br \/>\nDise\u00f1ado para desgastarse uniformemente para un neum\u00e1tico de larga duraci\u00f3n<\/li>\n<\/ul>\n<p><img fetchpriority=\"high\" decoding=\"async\" class=\"alignnone \" src=\"https:\/\/maxxischile.cl\/wp-content\/uploads\/2023\/01\/ME-3-MAXXIS-CHILE.jpg\" width=\"456\" height=\"456\" \/><\/p>\n<p>&nbsp;<\/p>\n","protected":false},"excerpt":{"rendered":"<h2>MECOTRA ME3<\/h2>\n<p>Este econ\u00f3mico neum\u00e1tico para autom\u00f3viles est\u00e1 dise\u00f1ado para ayudar a aumentar la eficiencia de combustible de veh\u00edculos m\u00e1s peque\u00f1os mientras mantiene distancias de frenado efectivas para una seguridad \u00f3ptima.<\/p>\n<ul>\n<li>S\u00e9ptimo lugar en la prueba de neum\u00e1ticos de verano ADAC 2019<\/li>\n<li>\u00abConsumo de combustible muy bajo\u00bb seg\u00fan la prueba de neum\u00e1ticos ADAC 2019<\/li>\n<li>Dise\u00f1ado para reducir el consumo de combustible mientras se mantiene la comodidad<\/li>\n<li>Resistente al aquaplaning<br \/>\nDise\u00f1ado para desgastarse uniformemente para un neum\u00e1tico de larga duraci\u00f3n<\/li>\n<\/ul>\n","protected":false},"featured_media":18149,"template":"","meta":{"_acf_changed":false},"product_brand":[],"product_cat":[2283,1880,2408,2871],"product_tag":[],"class_list":{"0":"post-18048","1":"product","2":"type-product","3":"status-publish","4":"has-post-thumbnail","6":"product_cat-155-70r13","7":"product_cat-maxxis","8":"product_cat-sedan","9":"product_cat-me3","11":"first","12":"outofstock","13":"sale","14":"shipping-taxable","15":"purchasable","16":"product-type-simple"},"acf":[],"yoast_head":"<!-- This site is optimized with the Yoast SEO plugin v26.8 - https:\/\/yoast.com\/product\/yoast-seo-wordpress\/ -->\r\n<title>Maxxis 155\/70 ME3 R13 75T TL - Centro de Servicio Do\u00f1o<\/title>\r\n<meta name=\"description\" content=\"MECOTRA ME3. Este econ\u00f3mico neum\u00e1tico para autom\u00f3viles est\u00e1 dise\u00f1ado para ayudar a aumentar la eficiencia de combustible.\" \/>\r\n<meta name=\"robots\" content=\"index, follow, max-snippet:-1, max-image-preview:large, max-video-preview:-1\" \/>\r\n<link rel=\"canonical\" href=\"https:\/\/elsalvadorllantas.com\/index.php\/producto\/maxxis-155-70-me3-r13-75t-tl\/\" \/>\r\n<meta property=\"og:locale\" content=\"es_ES\" \/>\r\n<meta property=\"og:type\" content=\"article\" \/>\r\n<meta property=\"og:title\" content=\"Maxxis 155\/70 ME3 R13 75T TL - Centro de Servicio Do\u00f1o\" \/>\r\n<meta property=\"og:description\" content=\"MECOTRA ME3. Este econ\u00f3mico neum\u00e1tico para autom\u00f3viles est\u00e1 dise\u00f1ado para ayudar a aumentar la eficiencia de combustible.\" \/>\r\n<meta property=\"og:url\" content=\"https:\/\/elsalvadorllantas.com\/index.php\/producto\/maxxis-155-70-me3-r13-75t-tl\/\" \/>\r\n<meta property=\"og:site_name\" content=\"Centro de Servicio Do\u00f1o\" \/>\r\n<meta property=\"article:modified_time\" content=\"2026-04-14T05:24:11+00:00\" \/>\r\n<meta property=\"og:image\" content=\"https:\/\/elsalvadorllantas.com\/wp-content\/uploads\/2023\/10\/LLANTAS-MAXXIS-ME-3.jpg\" \/>\r\n\t<meta property=\"og:image:width\" content=\"1200\" \/>\r\n\t<meta property=\"og:image:height\" content=\"1200\" \/>\r\n\t<meta property=\"og:image:type\" content=\"image\/jpeg\" \/>\r\n<meta name=\"twitter:card\" content=\"summary_large_image\" \/>\r\n<meta name=\"twitter:label1\" content=\"Tiempo de lectura\" \/>\n\t<meta name=\"twitter:data1\" content=\"3 minutos\" \/>\r\n<script type=\"application\/ld+json\" class=\"yoast-schema-graph\">{\"@context\":\"https:\/\/schema.org\",\"@graph\":[{\"@type\":\"WebPage\",\"@id\":\"https:\/\/elsalvadorllantas.com\/index.php\/producto\/maxxis-155-70-me3-r13-75t-tl\/\",\"url\":\"https:\/\/elsalvadorllantas.com\/index.php\/producto\/maxxis-155-70-me3-r13-75t-tl\/\",\"name\":\"Maxxis 155\/70 ME3 R13 75T TL - Centro de Servicio Do\u00f1o\",\"isPartOf\":{\"@id\":\"https:\/\/elsalvadorllantas.com\/#website\"},\"primaryImageOfPage\":{\"@id\":\"https:\/\/elsalvadorllantas.com\/index.php\/producto\/maxxis-155-70-me3-r13-75t-tl\/#primaryimage\"},\"image\":{\"@id\":\"https:\/\/elsalvadorllantas.com\/index.php\/producto\/maxxis-155-70-me3-r13-75t-tl\/#primaryimage\"},\"thumbnailUrl\":\"https:\/\/elsalvadorllantas.com\/wp-content\/uploads\/2023\/10\/LLANTAS-MAXXIS-ME-3.jpg\",\"datePublished\":\"2023-10-20T20:29:59+00:00\",\"dateModified\":\"2026-04-14T05:24:11+00:00\",\"description\":\"MECOTRA ME3. Este econ\u00f3mico neum\u00e1tico para autom\u00f3viles est\u00e1 dise\u00f1ado para ayudar a aumentar la eficiencia de combustible.\",\"breadcrumb\":{\"@id\":\"https:\/\/elsalvadorllantas.com\/index.php\/producto\/maxxis-155-70-me3-r13-75t-tl\/#breadcrumb\"},\"inLanguage\":\"es\",\"potentialAction\":[{\"@type\":\"ReadAction\",\"target\":[\"https:\/\/elsalvadorllantas.com\/index.php\/producto\/maxxis-155-70-me3-r13-75t-tl\/\"]}]},{\"@type\":\"ImageObject\",\"inLanguage\":\"es\",\"@id\":\"https:\/\/elsalvadorllantas.com\/index.php\/producto\/maxxis-155-70-me3-r13-75t-tl\/#primaryimage\",\"url\":\"https:\/\/elsalvadorllantas.com\/wp-content\/uploads\/2023\/10\/LLANTAS-MAXXIS-ME-3.jpg\",\"contentUrl\":\"https:\/\/elsalvadorllantas.com\/wp-content\/uploads\/2023\/10\/LLANTAS-MAXXIS-ME-3.jpg\",\"width\":1200,\"height\":1200},{\"@type\":\"BreadcrumbList\",\"@id\":\"https:\/\/elsalvadorllantas.com\/index.php\/producto\/maxxis-155-70-me3-r13-75t-tl\/#breadcrumb\",\"itemListElement\":[{\"@type\":\"ListItem\",\"position\":1,\"name\":\"Inicio\",\"item\":\"https:\/\/elsalvadorllantas.com\/\"},{\"@type\":\"ListItem\",\"position\":2,\"name\":\"Tienda en linea\",\"item\":\"https:\/\/elsalvadorllantas.com\/index.php\/tienda-en-linea\/\"},{\"@type\":\"ListItem\",\"position\":3,\"name\":\"Maxxis 155\/70 ME3 R13 75T TL\"}]},{\"@type\":\"WebSite\",\"@id\":\"https:\/\/elsalvadorllantas.com\/#website\",\"url\":\"https:\/\/elsalvadorllantas.com\/\",\"name\":\"Centro de Servicio Do\u00f1o\",\"description\":\"Venta de Llantas Nuevas - \u00a1Cotiza Ya!\",\"publisher\":{\"@id\":\"https:\/\/elsalvadorllantas.com\/#organization\"},\"potentialAction\":[{\"@type\":\"SearchAction\",\"target\":{\"@type\":\"EntryPoint\",\"urlTemplate\":\"https:\/\/elsalvadorllantas.com\/?s={search_term_string}\"},\"query-input\":{\"@type\":\"PropertyValueSpecification\",\"valueRequired\":true,\"valueName\":\"search_term_string\"}}],\"inLanguage\":\"es\"},{\"@type\":\"Organization\",\"@id\":\"https:\/\/elsalvadorllantas.com\/#organization\",\"name\":\"Centro de Servicio Do\u00f1o\",\"url\":\"https:\/\/elsalvadorllantas.com\/\",\"logo\":{\"@type\":\"ImageObject\",\"inLanguage\":\"es\",\"@id\":\"https:\/\/elsalvadorllantas.com\/#\/schema\/logo\/image\/\",\"url\":\"https:\/\/elsalvadorllantas.com\/wp-content\/uploads\/2021\/12\/Logo_Don\u0303o_Editable-CMYK-2.png\",\"contentUrl\":\"https:\/\/elsalvadorllantas.com\/wp-content\/uploads\/2021\/12\/Logo_Don\u0303o_Editable-CMYK-2.png\",\"width\":2139,\"height\":779,\"caption\":\"Centro de Servicio Do\u00f1o\"},\"image\":{\"@id\":\"https:\/\/elsalvadorllantas.com\/#\/schema\/logo\/image\/\"}}]}<\/script>\r\n<!-- \/ Yoast SEO plugin. -->","yoast_head_json":{"title":"Maxxis 155\/70 ME3 R13 75T TL - Centro de Servicio Do\u00f1o","description":"MECOTRA ME3. Este econ\u00f3mico neum\u00e1tico para autom\u00f3viles est\u00e1 dise\u00f1ado para ayudar a aumentar la eficiencia de combustible.","robots":{"index":"index","follow":"follow","max-snippet":"max-snippet:-1","max-image-preview":"max-image-preview:large","max-video-preview":"max-video-preview:-1"},"canonical":"https:\/\/elsalvadorllantas.com\/index.php\/producto\/maxxis-155-70-me3-r13-75t-tl\/","og_locale":"es_ES","og_type":"article","og_title":"Maxxis 155\/70 ME3 R13 75T TL - Centro de Servicio Do\u00f1o","og_description":"MECOTRA ME3. Este econ\u00f3mico neum\u00e1tico para autom\u00f3viles est\u00e1 dise\u00f1ado para ayudar a aumentar la eficiencia de combustible.","og_url":"https:\/\/elsalvadorllantas.com\/index.php\/producto\/maxxis-155-70-me3-r13-75t-tl\/","og_site_name":"Centro de Servicio Do\u00f1o","article_modified_time":"2026-04-14T05:24:11+00:00","og_image":[{"width":1200,"height":1200,"url":"https:\/\/elsalvadorllantas.com\/wp-content\/uploads\/2023\/10\/LLANTAS-MAXXIS-ME-3.jpg","type":"image\/jpeg"}],"twitter_card":"summary_large_image","twitter_misc":{"Tiempo de lectura":"3 minutos"},"schema":{"@context":"https:\/\/schema.org","@graph":[{"@type":"WebPage","@id":"https:\/\/elsalvadorllantas.com\/index.php\/producto\/maxxis-155-70-me3-r13-75t-tl\/","url":"https:\/\/elsalvadorllantas.com\/index.php\/producto\/maxxis-155-70-me3-r13-75t-tl\/","name":"Maxxis 155\/70 ME3 R13 75T TL - Centro de Servicio Do\u00f1o","isPartOf":{"@id":"https:\/\/elsalvadorllantas.com\/#website"},"primaryImageOfPage":{"@id":"https:\/\/elsalvadorllantas.com\/index.php\/producto\/maxxis-155-70-me3-r13-75t-tl\/#primaryimage"},"image":{"@id":"https:\/\/elsalvadorllantas.com\/index.php\/producto\/maxxis-155-70-me3-r13-75t-tl\/#primaryimage"},"thumbnailUrl":"https:\/\/elsalvadorllantas.com\/wp-content\/uploads\/2023\/10\/LLANTAS-MAXXIS-ME-3.jpg","datePublished":"2023-10-20T20:29:59+00:00","dateModified":"2026-04-14T05:24:11+00:00","description":"MECOTRA ME3. Este econ\u00f3mico neum\u00e1tico para autom\u00f3viles est\u00e1 dise\u00f1ado para ayudar a aumentar la eficiencia de combustible.","breadcrumb":{"@id":"https:\/\/elsalvadorllantas.com\/index.php\/producto\/maxxis-155-70-me3-r13-75t-tl\/#breadcrumb"},"inLanguage":"es","potentialAction":[{"@type":"ReadAction","target":["https:\/\/elsalvadorllantas.com\/index.php\/producto\/maxxis-155-70-me3-r13-75t-tl\/"]}]},{"@type":"ImageObject","inLanguage":"es","@id":"https:\/\/elsalvadorllantas.com\/index.php\/producto\/maxxis-155-70-me3-r13-75t-tl\/#primaryimage","url":"https:\/\/elsalvadorllantas.com\/wp-content\/uploads\/2023\/10\/LLANTAS-MAXXIS-ME-3.jpg","contentUrl":"https:\/\/elsalvadorllantas.com\/wp-content\/uploads\/2023\/10\/LLANTAS-MAXXIS-ME-3.jpg","width":1200,"height":1200},{"@type":"BreadcrumbList","@id":"https:\/\/elsalvadorllantas.com\/index.php\/producto\/maxxis-155-70-me3-r13-75t-tl\/#breadcrumb","itemListElement":[{"@type":"ListItem","position":1,"name":"Inicio","item":"https:\/\/elsalvadorllantas.com\/"},{"@type":"ListItem","position":2,"name":"Tienda en linea","item":"https:\/\/elsalvadorllantas.com\/index.php\/tienda-en-linea\/"},{"@type":"ListItem","position":3,"name":"Maxxis 155\/70 ME3 R13 75T TL"}]},{"@type":"WebSite","@id":"https:\/\/elsalvadorllantas.com\/#website","url":"https:\/\/elsalvadorllantas.com\/","name":"Centro de Servicio Do\u00f1o","description":"Venta de Llantas Nuevas - \u00a1Cotiza Ya!","publisher":{"@id":"https:\/\/elsalvadorllantas.com\/#organization"},"potentialAction":[{"@type":"SearchAction","target":{"@type":"EntryPoint","urlTemplate":"https:\/\/elsalvadorllantas.com\/?s={search_term_string}"},"query-input":{"@type":"PropertyValueSpecification","valueRequired":true,"valueName":"search_term_string"}}],"inLanguage":"es"},{"@type":"Organization","@id":"https:\/\/elsalvadorllantas.com\/#organization","name":"Centro de Servicio Do\u00f1o","url":"https:\/\/elsalvadorllantas.com\/","logo":{"@type":"ImageObject","inLanguage":"es","@id":"https:\/\/elsalvadorllantas.com\/#\/schema\/logo\/image\/","url":"https:\/\/elsalvadorllantas.com\/wp-content\/uploads\/2021\/12\/Logo_Don\u0303o_Editable-CMYK-2.png","contentUrl":"https:\/\/elsalvadorllantas.com\/wp-content\/uploads\/2021\/12\/Logo_Don\u0303o_Editable-CMYK-2.png","width":2139,"height":779,"caption":"Centro de Servicio Do\u00f1o"},"image":{"@id":"https:\/\/elsalvadorllantas.com\/#\/schema\/logo\/image\/"}}]}},"_links":{"self":[{"href":"https:\/\/elsalvadorllantas.com\/index.php\/wp-json\/wp\/v2\/product\/18048","targetHints":{"allow":["GET"]}}],"collection":[{"href":"https:\/\/elsalvadorllantas.com\/index.php\/wp-json\/wp\/v2\/product"}],"about":[{"href":"https:\/\/elsalvadorllantas.com\/index.php\/wp-json\/wp\/v2\/types\/product"}],"version-history":[{"count":1,"href":"https:\/\/elsalvadorllantas.com\/index.php\/wp-json\/wp\/v2\/product\/18048\/revisions"}],"predecessor-version":[{"id":20592,"href":"https:\/\/elsalvadorllantas.com\/index.php\/wp-json\/wp\/v2\/product\/18048\/revisions\/20592"}],"wp:featuredmedia":[{"embeddable":true,"href":"https:\/\/elsalvadorllantas.com\/index.php\/wp-json\/wp\/v2\/media\/18149"}],"wp:attachment":[{"href":"https:\/\/elsalvadorllantas.com\/index.php\/wp-json\/wp\/v2\/media?parent=18048"}],"wp:term":[{"taxonomy":"product_brand","embeddable":true,"href":"https:\/\/elsalvadorllantas.com\/index.php\/wp-json\/wp\/v2\/product_brand?post=18048"},{"taxonomy":"product_cat","embeddable":true,"href":"https:\/\/elsalvadorllantas.com\/index.php\/wp-json\/wp\/v2\/product_cat?post=18048"},{"taxonomy":"product_tag","embeddable":true,"href":"https:\/\/elsalvadorllantas.com\/index.php\/wp-json\/wp\/v2\/product_tag?post=18048"}],"curies":[{"name":"wp","href":"https:\/\/api.w.org\/{rel}","templated":true}]}}