{"id":18064,"date":"2023-10-20T15:55:26","date_gmt":"2023-10-20T21:55:26","guid":{"rendered":"https:\/\/elsalvadorllantas.com\/?post_type=product&#038;p=18064"},"modified":"2026-04-13T23:49:45","modified_gmt":"2026-04-14T05:49:45","slug":"three-a-205-r16-crosslander-at-110-1085","status":"publish","type":"product","link":"https:\/\/elsalvadorllantas.com\/index.php\/producto\/three-a-205-r16-crosslander-at-110-1085\/","title":{"rendered":"THREE-A 205 R16 CROSSLANDER AT 110\/1085"},"content":{"rendered":"<table style=\"height: 67px;\" border=\"2\" width=\"777\">\n<tbody>\n<tr style=\"text-align: center;\">\n<td>Lonaje<\/td>\n<td>Indice de Carga<\/td>\n<\/tr>\n<tr style=\"text-align: center;\">\n<td>8PR<\/td>\n<td>110\/1085<\/td>\n<\/tr>\n<\/tbody>\n<\/table>\n<h1><img decoding=\"async\" src=\"https:\/\/threeatires.com\/wp-content\/uploads\/2022\/09\/car-tire222.jpg\" loading=\"lazy\" \/><\/h1>\n<h1>THREE-A CROSSLANDER AT<\/h1>\n<p>Los neum\u00e1ticos se adaptan a todo tipo de caminos, caminos complejos y no pavimentados, incluidos caminos de grava, caminos embarrados, etc.<\/p>\n<h2><img decoding=\"async\" src=\"https:\/\/threeatires.com\/wp-content\/uploads\/2022\/09\/Crosslander-AT.jpeg\" loading=\"lazy\" \/><\/h2>\n<h2>Caracter\u00edsticas del patr\u00f3n CROSSLANDER AT<\/h2>\n<ul>\n<li><strong>Dos amplias ranuras de drenaje<\/strong><br \/>\nLas ranuras proporcionan una evacuaci\u00f3n eficiente del agua, evitan el deslizamiento de los neum\u00e1ticos y garantizan la seguridad en la conducci\u00f3n en humedales.<\/li>\n<li><strong>Dise\u00f1o especial de m\u00faltiples l\u00e1minas de acero.<\/strong><br \/>\nEste dise\u00f1o no s\u00f3lo mejora la rigidez del bloque de la banda de rodadura, sino que tambi\u00e9n mejora el agarre y la seguridad de conducci\u00f3n en humedales.<\/li>\n<li><strong>Dise\u00f1o de chafl\u00e1n tridimensional<\/strong><br \/>\nVarias piezas utilizan el dise\u00f1o de chafl\u00e1n tridimensional.\u00a0Este dise\u00f1o mejora la rigidez del bloque de la banda de rodadura y evita eficazmente el desgaste prematuro y anormal de los neum\u00e1ticos.<\/li>\n<li><strong>Bloque ancho de la banda de rodadura y nervadura reforzada<\/strong><br \/>\nLos bloques principales anchos de la banda de rodadura y los bloques de los hombros, junto con las nervaduras reforzadas, ofrecen rigidez suficiente para los bloques de la banda de rodadura, mejor maniobrabilidad y excelente experiencia todoterreno.<\/li>\n<li><strong>Estructura y f\u00f3rmula \u00fanicas.<\/strong><br \/>\nLa superficie de la banda de rodadura mejorada y los bordes de la banda de rodadura pueden soportar impactos de caminos en mal estado para los neum\u00e1ticos.<br \/>\nLa superficie de la banda de rodadura especialmente optimizada ofrece una mejor resistencia al desgaste, al desgarro y un mayor tiempo de servicio.<\/li>\n<\/ul>\n<h2>Especificaciones<\/h2>\n<div class=\"table-responsive wprt_style_display\">\n<table class=\"table\" width=\"655\">\n<tbody>\n<tr>\n<td width=\"119\">TAMA\u00d1O<\/td>\n<td width=\"98\">CARGAR \u00cdNDICE<\/td>\n<td width=\"89\">VELOCIDAD<\/td>\n<td width=\"74\">LLANTA EST\u00c1NDAR<\/td>\n<td width=\"124\">ANCHO DE LA SECCI\u00d3N<\/td>\n<td width=\"80\">DI\u00c1METRO EXTERNO<\/td>\n<td width=\"71\">PROFUNDIDAD DE LA RANURA<\/td>\n<\/tr>\n<tr>\n<td width=\"119\">205R16C<\/td>\n<td width=\"98\">110\/108<\/td>\n<td width=\"89\">S<\/td>\n<td width=\"74\">6J<\/td>\n<td width=\"124\">208<\/td>\n<td width=\"80\">736<\/td>\n<td width=\"71\">9.8<\/td>\n<\/tr>\n<tr>\n<td width=\"119\">205\/80R16LT<\/td>\n<td width=\"98\">106\/103<\/td>\n<td width=\"89\">S<\/td>\n<td width=\"74\">5.5J<\/td>\n<td width=\"124\">203<\/td>\n<td width=\"80\">734<\/td>\n<td width=\"71\">9.8<\/td>\n<\/tr>\n<tr>\n<td width=\"119\">31\u00d710.50R15LT<\/td>\n<td width=\"98\">109<\/td>\n<td width=\"89\">S<\/td>\n<td width=\"74\">8.5J<\/td>\n<td width=\"124\">268<\/td>\n<td width=\"80\">781<\/td>\n<td width=\"71\">11.6<\/td>\n<\/tr>\n<\/tbody>\n<\/table>\n<\/div>\n<p>&nbsp;<\/p>\n<h2>Ventajas: los mejores neum\u00e1ticos AT se adaptan a todo tipo de carreteras y condiciones clim\u00e1ticas<\/h2>\n<ul>\n<li><strong>Alto rendimiento:<\/strong>\u00a0excelente resistencia al desgaste y direcci\u00f3n, se adapta a todo tipo de carreteras.<\/li>\n<li><strong>Patr\u00f3n sim\u00e9trico de la banda de rodadura:<\/strong>\u00a0los patrones sim\u00e9tricos de la banda de rodadura en ambos lados garantizan un excelente rendimiento en marcha recta a alta velocidad.<\/li>\n<li><strong>Soporte para todo tipo de clima:<\/strong>\u00a0siempre que sea en d\u00edas soleados o lluviosos, en verano o en invierno, el neum\u00e1tico siempre proporciona una buena conducci\u00f3n y fuerza de agarre.<\/li>\n<\/ul>\n","protected":false},"excerpt":{"rendered":"<p>Lonaje Indice de Carga 8PR 110\/1085 THREE-A CROSSLANDER AT Los neum\u00e1ticos se adaptan a todo tipo de caminos, caminos complejos y no pavimentados, incluidos caminos de grava, caminos embarrados, etc. Caracter\u00edsticas del patr\u00f3n CROSSLANDER AT Dos amplias ranuras de drenaje Las ranuras proporcionan una evacuaci\u00f3n eficiente del agua, evitan el deslizamiento de los neum\u00e1ticos y<br \/><a class=\"more-link\" href=\"https:\/\/elsalvadorllantas.com\/index.php\/producto\/three-a-205-r16-crosslander-at-110-1085\/\"><br \/>\n        Ver m\u00e1s<span class=\"screen-reader-text\"> \u00abTHREE-A 205 R16 CROSSLANDER AT 110\/1085\u00bb<\/span><\/a><\/p>\n","protected":false},"featured_media":18313,"template":"","meta":{"_acf_changed":false},"product_brand":[],"product_cat":[2375,1886,2415,2409,2412,2411,2432,2873],"product_tag":[],"class_list":{"0":"post-18064","1":"product","2":"type-product","3":"status-publish","4":"has-post-thumbnail","6":"product_cat-205r16c","7":"product_cat-llanta-triple-a","8":"product_cat-pick-up","9":"product_cat-pick-upcamioneta","10":"product_cat-suv","11":"product_cat-suvcuv","12":"product_cat-camioneta","13":"product_cat-crosslander-at","15":"first","16":"outofstock","17":"sale","18":"shipping-taxable","19":"purchasable","20":"product-type-simple"},"acf":[],"yoast_head":"<!-- This site is optimized with the Yoast SEO plugin v26.8 - https:\/\/yoast.com\/product\/yoast-seo-wordpress\/ -->\r\n<title>THREE-A 205 R16 CROSSLANDER AT 110\/1085 - Centro de Servicio Do\u00f1o<\/title>\r\n<meta name=\"description\" content=\"THREE-A 205 R16 CROSSLANDER AT 110\/1085. Los neum\u00e1ticos se adaptan a todo tipo de caminos, caminos complejos y no pavimentados, incluidos caminos de grava, caminos embarrados, etc.\" \/>\r\n<meta name=\"robots\" content=\"index, follow, max-snippet:-1, max-image-preview:large, max-video-preview:-1\" \/>\r\n<link rel=\"canonical\" href=\"https:\/\/elsalvadorllantas.com\/index.php\/producto\/three-a-205-r16-crosslander-at-110-1085\/\" \/>\r\n<meta property=\"og:locale\" content=\"es_ES\" \/>\r\n<meta property=\"og:type\" content=\"article\" \/>\r\n<meta property=\"og:title\" content=\"THREE-A 205 R16 CROSSLANDER AT 110\/1085 - Centro de Servicio Do\u00f1o\" \/>\r\n<meta property=\"og:description\" content=\"THREE-A 205 R16 CROSSLANDER AT 110\/1085. Los neum\u00e1ticos se adaptan a todo tipo de caminos, caminos complejos y no pavimentados, incluidos caminos de grava, caminos embarrados, etc.\" \/>\r\n<meta property=\"og:url\" content=\"https:\/\/elsalvadorllantas.com\/index.php\/producto\/three-a-205-r16-crosslander-at-110-1085\/\" \/>\r\n<meta property=\"og:site_name\" content=\"Centro de Servicio Do\u00f1o\" \/>\r\n<meta property=\"article:modified_time\" content=\"2026-04-14T05:49:45+00:00\" \/>\r\n<meta property=\"og:image\" content=\"https:\/\/elsalvadorllantas.com\/wp-content\/uploads\/2023\/12\/TRIPLE-A-CROSLANDER-AT.jpg\" \/>\r\n\t<meta property=\"og:image:width\" content=\"1200\" \/>\r\n\t<meta property=\"og:image:height\" content=\"1200\" \/>\r\n\t<meta property=\"og:image:type\" content=\"image\/jpeg\" \/>\r\n<meta name=\"twitter:card\" content=\"summary_large_image\" \/>\r\n<meta name=\"twitter:label1\" content=\"Tiempo de lectura\" \/>\n\t<meta name=\"twitter:data1\" content=\"2 minutos\" \/>\r\n<script type=\"application\/ld+json\" class=\"yoast-schema-graph\">{\"@context\":\"https:\/\/schema.org\",\"@graph\":[{\"@type\":\"WebPage\",\"@id\":\"https:\/\/elsalvadorllantas.com\/index.php\/producto\/three-a-205-r16-crosslander-at-110-1085\/\",\"url\":\"https:\/\/elsalvadorllantas.com\/index.php\/producto\/three-a-205-r16-crosslander-at-110-1085\/\",\"name\":\"THREE-A 205 R16 CROSSLANDER AT 110\/1085 - Centro de Servicio Do\u00f1o\",\"isPartOf\":{\"@id\":\"https:\/\/elsalvadorllantas.com\/#website\"},\"primaryImageOfPage\":{\"@id\":\"https:\/\/elsalvadorllantas.com\/index.php\/producto\/three-a-205-r16-crosslander-at-110-1085\/#primaryimage\"},\"image\":{\"@id\":\"https:\/\/elsalvadorllantas.com\/index.php\/producto\/three-a-205-r16-crosslander-at-110-1085\/#primaryimage\"},\"thumbnailUrl\":\"https:\/\/elsalvadorllantas.com\/wp-content\/uploads\/2023\/12\/TRIPLE-A-CROSLANDER-AT.jpg\",\"datePublished\":\"2023-10-20T21:55:26+00:00\",\"dateModified\":\"2026-04-14T05:49:45+00:00\",\"description\":\"THREE-A 205 R16 CROSSLANDER AT 110\/1085. Los neum\u00e1ticos se adaptan a todo tipo de caminos, caminos complejos y no pavimentados, incluidos caminos de grava, caminos embarrados, etc.\",\"breadcrumb\":{\"@id\":\"https:\/\/elsalvadorllantas.com\/index.php\/producto\/three-a-205-r16-crosslander-at-110-1085\/#breadcrumb\"},\"inLanguage\":\"es\",\"potentialAction\":[{\"@type\":\"ReadAction\",\"target\":[\"https:\/\/elsalvadorllantas.com\/index.php\/producto\/three-a-205-r16-crosslander-at-110-1085\/\"]}]},{\"@type\":\"ImageObject\",\"inLanguage\":\"es\",\"@id\":\"https:\/\/elsalvadorllantas.com\/index.php\/producto\/three-a-205-r16-crosslander-at-110-1085\/#primaryimage\",\"url\":\"https:\/\/elsalvadorllantas.com\/wp-content\/uploads\/2023\/12\/TRIPLE-A-CROSLANDER-AT.jpg\",\"contentUrl\":\"https:\/\/elsalvadorllantas.com\/wp-content\/uploads\/2023\/12\/TRIPLE-A-CROSLANDER-AT.jpg\",\"width\":1200,\"height\":1200},{\"@type\":\"BreadcrumbList\",\"@id\":\"https:\/\/elsalvadorllantas.com\/index.php\/producto\/three-a-205-r16-crosslander-at-110-1085\/#breadcrumb\",\"itemListElement\":[{\"@type\":\"ListItem\",\"position\":1,\"name\":\"Inicio\",\"item\":\"https:\/\/elsalvadorllantas.com\/\"},{\"@type\":\"ListItem\",\"position\":2,\"name\":\"Tienda en linea\",\"item\":\"https:\/\/elsalvadorllantas.com\/index.php\/tienda-en-linea\/\"},{\"@type\":\"ListItem\",\"position\":3,\"name\":\"THREE-A 205 R16 CROSSLANDER AT 110\/1085\"}]},{\"@type\":\"WebSite\",\"@id\":\"https:\/\/elsalvadorllantas.com\/#website\",\"url\":\"https:\/\/elsalvadorllantas.com\/\",\"name\":\"Centro de Servicio Do\u00f1o\",\"description\":\"Venta de Llantas Nuevas - \u00a1Cotiza Ya!\",\"publisher\":{\"@id\":\"https:\/\/elsalvadorllantas.com\/#organization\"},\"potentialAction\":[{\"@type\":\"SearchAction\",\"target\":{\"@type\":\"EntryPoint\",\"urlTemplate\":\"https:\/\/elsalvadorllantas.com\/?s={search_term_string}\"},\"query-input\":{\"@type\":\"PropertyValueSpecification\",\"valueRequired\":true,\"valueName\":\"search_term_string\"}}],\"inLanguage\":\"es\"},{\"@type\":\"Organization\",\"@id\":\"https:\/\/elsalvadorllantas.com\/#organization\",\"name\":\"Centro de Servicio Do\u00f1o\",\"url\":\"https:\/\/elsalvadorllantas.com\/\",\"logo\":{\"@type\":\"ImageObject\",\"inLanguage\":\"es\",\"@id\":\"https:\/\/elsalvadorllantas.com\/#\/schema\/logo\/image\/\",\"url\":\"https:\/\/elsalvadorllantas.com\/wp-content\/uploads\/2021\/12\/Logo_Don\u0303o_Editable-CMYK-2.png\",\"contentUrl\":\"https:\/\/elsalvadorllantas.com\/wp-content\/uploads\/2021\/12\/Logo_Don\u0303o_Editable-CMYK-2.png\",\"width\":2139,\"height\":779,\"caption\":\"Centro de Servicio Do\u00f1o\"},\"image\":{\"@id\":\"https:\/\/elsalvadorllantas.com\/#\/schema\/logo\/image\/\"}}]}<\/script>\r\n<!-- \/ Yoast SEO plugin. -->","yoast_head_json":{"title":"THREE-A 205 R16 CROSSLANDER AT 110\/1085 - Centro de Servicio Do\u00f1o","description":"THREE-A 205 R16 CROSSLANDER AT 110\/1085. Los neum\u00e1ticos se adaptan a todo tipo de caminos, caminos complejos y no pavimentados, incluidos caminos de grava, caminos embarrados, etc.","robots":{"index":"index","follow":"follow","max-snippet":"max-snippet:-1","max-image-preview":"max-image-preview:large","max-video-preview":"max-video-preview:-1"},"canonical":"https:\/\/elsalvadorllantas.com\/index.php\/producto\/three-a-205-r16-crosslander-at-110-1085\/","og_locale":"es_ES","og_type":"article","og_title":"THREE-A 205 R16 CROSSLANDER AT 110\/1085 - Centro de Servicio Do\u00f1o","og_description":"THREE-A 205 R16 CROSSLANDER AT 110\/1085. Los neum\u00e1ticos se adaptan a todo tipo de caminos, caminos complejos y no pavimentados, incluidos caminos de grava, caminos embarrados, etc.","og_url":"https:\/\/elsalvadorllantas.com\/index.php\/producto\/three-a-205-r16-crosslander-at-110-1085\/","og_site_name":"Centro de Servicio Do\u00f1o","article_modified_time":"2026-04-14T05:49:45+00:00","og_image":[{"width":1200,"height":1200,"url":"https:\/\/elsalvadorllantas.com\/wp-content\/uploads\/2023\/12\/TRIPLE-A-CROSLANDER-AT.jpg","type":"image\/jpeg"}],"twitter_card":"summary_large_image","twitter_misc":{"Tiempo de lectura":"2 minutos"},"schema":{"@context":"https:\/\/schema.org","@graph":[{"@type":"WebPage","@id":"https:\/\/elsalvadorllantas.com\/index.php\/producto\/three-a-205-r16-crosslander-at-110-1085\/","url":"https:\/\/elsalvadorllantas.com\/index.php\/producto\/three-a-205-r16-crosslander-at-110-1085\/","name":"THREE-A 205 R16 CROSSLANDER AT 110\/1085 - Centro de Servicio Do\u00f1o","isPartOf":{"@id":"https:\/\/elsalvadorllantas.com\/#website"},"primaryImageOfPage":{"@id":"https:\/\/elsalvadorllantas.com\/index.php\/producto\/three-a-205-r16-crosslander-at-110-1085\/#primaryimage"},"image":{"@id":"https:\/\/elsalvadorllantas.com\/index.php\/producto\/three-a-205-r16-crosslander-at-110-1085\/#primaryimage"},"thumbnailUrl":"https:\/\/elsalvadorllantas.com\/wp-content\/uploads\/2023\/12\/TRIPLE-A-CROSLANDER-AT.jpg","datePublished":"2023-10-20T21:55:26+00:00","dateModified":"2026-04-14T05:49:45+00:00","description":"THREE-A 205 R16 CROSSLANDER AT 110\/1085. Los neum\u00e1ticos se adaptan a todo tipo de caminos, caminos complejos y no pavimentados, incluidos caminos de grava, caminos embarrados, etc.","breadcrumb":{"@id":"https:\/\/elsalvadorllantas.com\/index.php\/producto\/three-a-205-r16-crosslander-at-110-1085\/#breadcrumb"},"inLanguage":"es","potentialAction":[{"@type":"ReadAction","target":["https:\/\/elsalvadorllantas.com\/index.php\/producto\/three-a-205-r16-crosslander-at-110-1085\/"]}]},{"@type":"ImageObject","inLanguage":"es","@id":"https:\/\/elsalvadorllantas.com\/index.php\/producto\/three-a-205-r16-crosslander-at-110-1085\/#primaryimage","url":"https:\/\/elsalvadorllantas.com\/wp-content\/uploads\/2023\/12\/TRIPLE-A-CROSLANDER-AT.jpg","contentUrl":"https:\/\/elsalvadorllantas.com\/wp-content\/uploads\/2023\/12\/TRIPLE-A-CROSLANDER-AT.jpg","width":1200,"height":1200},{"@type":"BreadcrumbList","@id":"https:\/\/elsalvadorllantas.com\/index.php\/producto\/three-a-205-r16-crosslander-at-110-1085\/#breadcrumb","itemListElement":[{"@type":"ListItem","position":1,"name":"Inicio","item":"https:\/\/elsalvadorllantas.com\/"},{"@type":"ListItem","position":2,"name":"Tienda en linea","item":"https:\/\/elsalvadorllantas.com\/index.php\/tienda-en-linea\/"},{"@type":"ListItem","position":3,"name":"THREE-A 205 R16 CROSSLANDER AT 110\/1085"}]},{"@type":"WebSite","@id":"https:\/\/elsalvadorllantas.com\/#website","url":"https:\/\/elsalvadorllantas.com\/","name":"Centro de Servicio Do\u00f1o","description":"Venta de Llantas Nuevas - \u00a1Cotiza Ya!","publisher":{"@id":"https:\/\/elsalvadorllantas.com\/#organization"},"potentialAction":[{"@type":"SearchAction","target":{"@type":"EntryPoint","urlTemplate":"https:\/\/elsalvadorllantas.com\/?s={search_term_string}"},"query-input":{"@type":"PropertyValueSpecification","valueRequired":true,"valueName":"search_term_string"}}],"inLanguage":"es"},{"@type":"Organization","@id":"https:\/\/elsalvadorllantas.com\/#organization","name":"Centro de Servicio Do\u00f1o","url":"https:\/\/elsalvadorllantas.com\/","logo":{"@type":"ImageObject","inLanguage":"es","@id":"https:\/\/elsalvadorllantas.com\/#\/schema\/logo\/image\/","url":"https:\/\/elsalvadorllantas.com\/wp-content\/uploads\/2021\/12\/Logo_Don\u0303o_Editable-CMYK-2.png","contentUrl":"https:\/\/elsalvadorllantas.com\/wp-content\/uploads\/2021\/12\/Logo_Don\u0303o_Editable-CMYK-2.png","width":2139,"height":779,"caption":"Centro de Servicio Do\u00f1o"},"image":{"@id":"https:\/\/elsalvadorllantas.com\/#\/schema\/logo\/image\/"}}]}},"_links":{"self":[{"href":"https:\/\/elsalvadorllantas.com\/index.php\/wp-json\/wp\/v2\/product\/18064","targetHints":{"allow":["GET"]}}],"collection":[{"href":"https:\/\/elsalvadorllantas.com\/index.php\/wp-json\/wp\/v2\/product"}],"about":[{"href":"https:\/\/elsalvadorllantas.com\/index.php\/wp-json\/wp\/v2\/types\/product"}],"version-history":[{"count":0,"href":"https:\/\/elsalvadorllantas.com\/index.php\/wp-json\/wp\/v2\/product\/18064\/revisions"}],"wp:featuredmedia":[{"embeddable":true,"href":"https:\/\/elsalvadorllantas.com\/index.php\/wp-json\/wp\/v2\/media\/18313"}],"wp:attachment":[{"href":"https:\/\/elsalvadorllantas.com\/index.php\/wp-json\/wp\/v2\/media?parent=18064"}],"wp:term":[{"taxonomy":"product_brand","embeddable":true,"href":"https:\/\/elsalvadorllantas.com\/index.php\/wp-json\/wp\/v2\/product_brand?post=18064"},{"taxonomy":"product_cat","embeddable":true,"href":"https:\/\/elsalvadorllantas.com\/index.php\/wp-json\/wp\/v2\/product_cat?post=18064"},{"taxonomy":"product_tag","embeddable":true,"href":"https:\/\/elsalvadorllantas.com\/index.php\/wp-json\/wp\/v2\/product_tag?post=18064"}],"curies":[{"name":"wp","href":"https:\/\/api.w.org\/{rel}","templated":true}]}}