{"id":19805,"date":"2025-05-26T18:08:36","date_gmt":"2025-05-27T00:08:36","guid":{"rendered":"https:\/\/elsalvadorllantas.com\/?post_type=product&#038;p=19805"},"modified":"2026-04-13T23:38:27","modified_gmt":"2026-04-14T05:38:27","slug":"triple-aaa-285-60-r18-ecosaver-120h","status":"publish","type":"product","link":"https:\/\/elsalvadorllantas.com\/index.php\/producto\/triple-aaa-285-60-r18-ecosaver-120h\/","title":{"rendered":"TRIPLE AAA 285\/60 R18 ECOSAVER 120H"},"content":{"rendered":"<table style=\"height: 67px;\" border=\"2\" width=\"777\">\n<tbody>\n<tr style=\"text-align: center;\">\n<td>\u00cdndice de Velocidad<\/td>\n<td>\u00cdndice de Carga<\/td>\n<\/tr>\n<tr style=\"text-align: center;\">\n<td>H<\/td>\n<td>120<\/td>\n<\/tr>\n<\/tbody>\n<\/table>\n<p data-start=\"398\" data-end=\"604\"><img fetchpriority=\"high\" decoding=\"async\" class=\"alignnone size-medium wp-image-19806\" src=\"https:\/\/elsalvadorllantas.com\/wp-content\/uploads\/2025\/05\/ECOSAVER-192x300.jpg\" alt=\"\" width=\"192\" height=\"300\" srcset=\"https:\/\/elsalvadorllantas.com\/wp-content\/uploads\/2025\/05\/ECOSAVER-192x300.jpg 192w, https:\/\/elsalvadorllantas.com\/wp-content\/uploads\/2025\/05\/ECOSAVER-64x100.jpg 64w, https:\/\/elsalvadorllantas.com\/wp-content\/uploads\/2025\/05\/ECOSAVER.jpg 554w\" sizes=\"(max-width: 192px) 100vw, 192px\" \/><\/p>\n<p data-start=\"267\" data-end=\"459\">Llanta de alto rendimiento para SUV y camionetas. Ofrece manejo suave, bajo nivel de ruido y excelente rendimiento en seco y mojado. Ideal para uso urbano y carretera.<\/p>\n<p data-start=\"483\" data-end=\"765\">La <strong data-start=\"486\" data-end=\"520\">Triple AAA Ecosaver <\/strong>\u00a0es una llanta dise\u00f1ada para SUV y camionetas que buscan eficiencia, confort y seguridad en el camino. Su dise\u00f1o sim\u00e9trico y optimizado mejora la estabilidad, reduce el consumo de combustible y brinda un desempe\u00f1o silencioso a altas velocidades.<\/p>\n<p data-start=\"767\" data-end=\"944\">Gracias a sus canales anchos y m\u00faltiples laminillas, proporciona un agarre confiable tanto en pavimento seco como en condiciones de lluvia, minimizando el riesgo de hidroplaneo.<\/p>\n<p data-start=\"946\" data-end=\"961\"><strong data-start=\"946\" data-end=\"961\">Beneficios:<\/strong><\/p>\n<ul data-start=\"962\" data-end=\"1128\">\n<li data-start=\"962\" data-end=\"1000\">\n<p data-start=\"964\" data-end=\"1000\">Conducci\u00f3n silenciosa y confortable.<\/p>\n<\/li>\n<li data-start=\"1001\" data-end=\"1035\">\n<p data-start=\"1003\" data-end=\"1035\">Buen desempe\u00f1o en seco y mojado.<\/p>\n<\/li>\n<li data-start=\"1036\" data-end=\"1073\">\n<p data-start=\"1038\" data-end=\"1073\">Excelente estabilidad en carretera.<\/p>\n<\/li>\n<li data-start=\"1074\" data-end=\"1128\">\n<p data-start=\"1076\" data-end=\"1128\">Dise\u00f1o que favorece menor resistencia al rodamiento.<\/p>\n<\/li>\n<\/ul>\n<p data-start=\"267\" data-end=\"459\">\n","protected":false},"excerpt":{"rendered":"<p>\u00cdndice de Velocidad \u00cdndice de Carga H 120 Llanta de alto rendimiento para SUV y camionetas. Ofrece manejo suave, bajo nivel de ruido y excelente rendimiento en seco y mojado. Ideal para uso urbano y carretera. La Triple AAA Ecosaver \u00a0es una llanta dise\u00f1ada para SUV y camionetas que buscan eficiencia, confort y seguridad en<br \/><a class=\"more-link\" href=\"https:\/\/elsalvadorllantas.com\/index.php\/producto\/triple-aaa-285-60-r18-ecosaver-120h\/\"><br \/>\n        Ver m\u00e1s<span class=\"screen-reader-text\"> \u00abTRIPLE AAA 285\/60 R18 ECOSAVER 120H\u00bb<\/span><\/a><\/p>\n","protected":false},"featured_media":19807,"template":"","meta":{"_acf_changed":false},"product_brand":[],"product_cat":[2279,1886,2415,2409,2412,2411,2414,2432,1858],"product_tag":[],"class_list":{"0":"post-19805","1":"product","2":"type-product","3":"status-publish","4":"has-post-thumbnail","6":"product_cat-285-60r18","7":"product_cat-llanta-triple-a","8":"product_cat-pick-up","9":"product_cat-pick-upcamioneta","10":"product_cat-suv","11":"product_cat-suvcuv","12":"product_cat-uvcuv","13":"product_cat-camioneta","14":"product_cat-marca","16":"first","17":"outofstock","18":"sale","19":"shipping-taxable","20":"purchasable","21":"product-type-simple"},"acf":[],"yoast_head":"<!-- This site is optimized with the Yoast SEO plugin v26.8 - https:\/\/yoast.com\/product\/yoast-seo-wordpress\/ -->\r\n<title>TRIPLE AAA 285\/60 R18 ECOSAVER 120H - Centro de Servicio Do\u00f1o<\/title>\r\n<meta name=\"robots\" content=\"index, follow, max-snippet:-1, max-image-preview:large, max-video-preview:-1\" \/>\r\n<link rel=\"canonical\" href=\"https:\/\/elsalvadorllantas.com\/index.php\/producto\/triple-aaa-285-60-r18-ecosaver-120h\/\" \/>\r\n<meta property=\"og:locale\" content=\"es_ES\" \/>\r\n<meta property=\"og:type\" content=\"article\" \/>\r\n<meta property=\"og:title\" content=\"TRIPLE AAA 285\/60 R18 ECOSAVER 120H - Centro de Servicio Do\u00f1o\" \/>\r\n<meta property=\"og:description\" content=\"\u00cdndice de Velocidad \u00cdndice de Carga H 120 Llanta de alto rendimiento para SUV y camionetas. Ofrece manejo suave, bajo nivel de ruido y excelente rendimiento en seco y mojado. Ideal para uso urbano y carretera. La Triple AAA Ecosaver \u00a0es una llanta dise\u00f1ada para SUV y camionetas que buscan eficiencia, confort y seguridad en     Ver m\u00e1s &quot;TRIPLE AAA 285\/60 R18 ECOSAVER 120H&quot;\" \/>\r\n<meta property=\"og:url\" content=\"https:\/\/elsalvadorllantas.com\/index.php\/producto\/triple-aaa-285-60-r18-ecosaver-120h\/\" \/>\r\n<meta property=\"og:site_name\" content=\"Centro de Servicio Do\u00f1o\" \/>\r\n<meta property=\"article:modified_time\" content=\"2026-04-14T05:38:27+00:00\" \/>\r\n<meta property=\"og:image\" content=\"https:\/\/elsalvadorllantas.com\/wp-content\/uploads\/2025\/05\/THREE-A-SUV-ECOSAVER.jpg\" \/>\r\n\t<meta property=\"og:image:width\" content=\"1200\" \/>\r\n\t<meta property=\"og:image:height\" content=\"1200\" \/>\r\n\t<meta property=\"og:image:type\" content=\"image\/jpeg\" \/>\r\n<meta name=\"twitter:card\" content=\"summary_large_image\" \/>\r\n<meta name=\"twitter:label1\" content=\"Tiempo de lectura\" \/>\n\t<meta name=\"twitter:data1\" content=\"1 minuto\" \/>\r\n<script type=\"application\/ld+json\" class=\"yoast-schema-graph\">{\"@context\":\"https:\/\/schema.org\",\"@graph\":[{\"@type\":\"WebPage\",\"@id\":\"https:\/\/elsalvadorllantas.com\/index.php\/producto\/triple-aaa-285-60-r18-ecosaver-120h\/\",\"url\":\"https:\/\/elsalvadorllantas.com\/index.php\/producto\/triple-aaa-285-60-r18-ecosaver-120h\/\",\"name\":\"TRIPLE AAA 285\/60 R18 ECOSAVER 120H - Centro de Servicio Do\u00f1o\",\"isPartOf\":{\"@id\":\"https:\/\/elsalvadorllantas.com\/#website\"},\"primaryImageOfPage\":{\"@id\":\"https:\/\/elsalvadorllantas.com\/index.php\/producto\/triple-aaa-285-60-r18-ecosaver-120h\/#primaryimage\"},\"image\":{\"@id\":\"https:\/\/elsalvadorllantas.com\/index.php\/producto\/triple-aaa-285-60-r18-ecosaver-120h\/#primaryimage\"},\"thumbnailUrl\":\"https:\/\/elsalvadorllantas.com\/wp-content\/uploads\/2025\/05\/THREE-A-SUV-ECOSAVER.jpg\",\"datePublished\":\"2025-05-27T00:08:36+00:00\",\"dateModified\":\"2026-04-14T05:38:27+00:00\",\"breadcrumb\":{\"@id\":\"https:\/\/elsalvadorllantas.com\/index.php\/producto\/triple-aaa-285-60-r18-ecosaver-120h\/#breadcrumb\"},\"inLanguage\":\"es\",\"potentialAction\":[{\"@type\":\"ReadAction\",\"target\":[\"https:\/\/elsalvadorllantas.com\/index.php\/producto\/triple-aaa-285-60-r18-ecosaver-120h\/\"]}]},{\"@type\":\"ImageObject\",\"inLanguage\":\"es\",\"@id\":\"https:\/\/elsalvadorllantas.com\/index.php\/producto\/triple-aaa-285-60-r18-ecosaver-120h\/#primaryimage\",\"url\":\"https:\/\/elsalvadorllantas.com\/wp-content\/uploads\/2025\/05\/THREE-A-SUV-ECOSAVER.jpg\",\"contentUrl\":\"https:\/\/elsalvadorllantas.com\/wp-content\/uploads\/2025\/05\/THREE-A-SUV-ECOSAVER.jpg\",\"width\":1200,\"height\":1200},{\"@type\":\"BreadcrumbList\",\"@id\":\"https:\/\/elsalvadorllantas.com\/index.php\/producto\/triple-aaa-285-60-r18-ecosaver-120h\/#breadcrumb\",\"itemListElement\":[{\"@type\":\"ListItem\",\"position\":1,\"name\":\"Inicio\",\"item\":\"https:\/\/elsalvadorllantas.com\/\"},{\"@type\":\"ListItem\",\"position\":2,\"name\":\"Tienda en linea\",\"item\":\"https:\/\/elsalvadorllantas.com\/index.php\/tienda-en-linea\/\"},{\"@type\":\"ListItem\",\"position\":3,\"name\":\"TRIPLE AAA 285\/60 R18 ECOSAVER 120H\"}]},{\"@type\":\"WebSite\",\"@id\":\"https:\/\/elsalvadorllantas.com\/#website\",\"url\":\"https:\/\/elsalvadorllantas.com\/\",\"name\":\"Centro de Servicio Do\u00f1o\",\"description\":\"Venta de Llantas Nuevas - \u00a1Cotiza Ya!\",\"publisher\":{\"@id\":\"https:\/\/elsalvadorllantas.com\/#organization\"},\"potentialAction\":[{\"@type\":\"SearchAction\",\"target\":{\"@type\":\"EntryPoint\",\"urlTemplate\":\"https:\/\/elsalvadorllantas.com\/?s={search_term_string}\"},\"query-input\":{\"@type\":\"PropertyValueSpecification\",\"valueRequired\":true,\"valueName\":\"search_term_string\"}}],\"inLanguage\":\"es\"},{\"@type\":\"Organization\",\"@id\":\"https:\/\/elsalvadorllantas.com\/#organization\",\"name\":\"Centro de Servicio Do\u00f1o\",\"url\":\"https:\/\/elsalvadorllantas.com\/\",\"logo\":{\"@type\":\"ImageObject\",\"inLanguage\":\"es\",\"@id\":\"https:\/\/elsalvadorllantas.com\/#\/schema\/logo\/image\/\",\"url\":\"https:\/\/elsalvadorllantas.com\/wp-content\/uploads\/2021\/12\/Logo_Don\u0303o_Editable-CMYK-2.png\",\"contentUrl\":\"https:\/\/elsalvadorllantas.com\/wp-content\/uploads\/2021\/12\/Logo_Don\u0303o_Editable-CMYK-2.png\",\"width\":2139,\"height\":779,\"caption\":\"Centro de Servicio Do\u00f1o\"},\"image\":{\"@id\":\"https:\/\/elsalvadorllantas.com\/#\/schema\/logo\/image\/\"}}]}<\/script>\r\n<!-- \/ Yoast SEO plugin. -->","yoast_head_json":{"title":"TRIPLE AAA 285\/60 R18 ECOSAVER 120H - Centro de Servicio Do\u00f1o","robots":{"index":"index","follow":"follow","max-snippet":"max-snippet:-1","max-image-preview":"max-image-preview:large","max-video-preview":"max-video-preview:-1"},"canonical":"https:\/\/elsalvadorllantas.com\/index.php\/producto\/triple-aaa-285-60-r18-ecosaver-120h\/","og_locale":"es_ES","og_type":"article","og_title":"TRIPLE AAA 285\/60 R18 ECOSAVER 120H - Centro de Servicio Do\u00f1o","og_description":"\u00cdndice de Velocidad \u00cdndice de Carga H 120 Llanta de alto rendimiento para SUV y camionetas. Ofrece manejo suave, bajo nivel de ruido y excelente rendimiento en seco y mojado. Ideal para uso urbano y carretera. La Triple AAA Ecosaver \u00a0es una llanta dise\u00f1ada para SUV y camionetas que buscan eficiencia, confort y seguridad en     Ver m\u00e1s \"TRIPLE AAA 285\/60 R18 ECOSAVER 120H\"","og_url":"https:\/\/elsalvadorllantas.com\/index.php\/producto\/triple-aaa-285-60-r18-ecosaver-120h\/","og_site_name":"Centro de Servicio Do\u00f1o","article_modified_time":"2026-04-14T05:38:27+00:00","og_image":[{"width":1200,"height":1200,"url":"https:\/\/elsalvadorllantas.com\/wp-content\/uploads\/2025\/05\/THREE-A-SUV-ECOSAVER.jpg","type":"image\/jpeg"}],"twitter_card":"summary_large_image","twitter_misc":{"Tiempo de lectura":"1 minuto"},"schema":{"@context":"https:\/\/schema.org","@graph":[{"@type":"WebPage","@id":"https:\/\/elsalvadorllantas.com\/index.php\/producto\/triple-aaa-285-60-r18-ecosaver-120h\/","url":"https:\/\/elsalvadorllantas.com\/index.php\/producto\/triple-aaa-285-60-r18-ecosaver-120h\/","name":"TRIPLE AAA 285\/60 R18 ECOSAVER 120H - Centro de Servicio Do\u00f1o","isPartOf":{"@id":"https:\/\/elsalvadorllantas.com\/#website"},"primaryImageOfPage":{"@id":"https:\/\/elsalvadorllantas.com\/index.php\/producto\/triple-aaa-285-60-r18-ecosaver-120h\/#primaryimage"},"image":{"@id":"https:\/\/elsalvadorllantas.com\/index.php\/producto\/triple-aaa-285-60-r18-ecosaver-120h\/#primaryimage"},"thumbnailUrl":"https:\/\/elsalvadorllantas.com\/wp-content\/uploads\/2025\/05\/THREE-A-SUV-ECOSAVER.jpg","datePublished":"2025-05-27T00:08:36+00:00","dateModified":"2026-04-14T05:38:27+00:00","breadcrumb":{"@id":"https:\/\/elsalvadorllantas.com\/index.php\/producto\/triple-aaa-285-60-r18-ecosaver-120h\/#breadcrumb"},"inLanguage":"es","potentialAction":[{"@type":"ReadAction","target":["https:\/\/elsalvadorllantas.com\/index.php\/producto\/triple-aaa-285-60-r18-ecosaver-120h\/"]}]},{"@type":"ImageObject","inLanguage":"es","@id":"https:\/\/elsalvadorllantas.com\/index.php\/producto\/triple-aaa-285-60-r18-ecosaver-120h\/#primaryimage","url":"https:\/\/elsalvadorllantas.com\/wp-content\/uploads\/2025\/05\/THREE-A-SUV-ECOSAVER.jpg","contentUrl":"https:\/\/elsalvadorllantas.com\/wp-content\/uploads\/2025\/05\/THREE-A-SUV-ECOSAVER.jpg","width":1200,"height":1200},{"@type":"BreadcrumbList","@id":"https:\/\/elsalvadorllantas.com\/index.php\/producto\/triple-aaa-285-60-r18-ecosaver-120h\/#breadcrumb","itemListElement":[{"@type":"ListItem","position":1,"name":"Inicio","item":"https:\/\/elsalvadorllantas.com\/"},{"@type":"ListItem","position":2,"name":"Tienda en linea","item":"https:\/\/elsalvadorllantas.com\/index.php\/tienda-en-linea\/"},{"@type":"ListItem","position":3,"name":"TRIPLE AAA 285\/60 R18 ECOSAVER 120H"}]},{"@type":"WebSite","@id":"https:\/\/elsalvadorllantas.com\/#website","url":"https:\/\/elsalvadorllantas.com\/","name":"Centro de Servicio Do\u00f1o","description":"Venta de Llantas Nuevas - \u00a1Cotiza Ya!","publisher":{"@id":"https:\/\/elsalvadorllantas.com\/#organization"},"potentialAction":[{"@type":"SearchAction","target":{"@type":"EntryPoint","urlTemplate":"https:\/\/elsalvadorllantas.com\/?s={search_term_string}"},"query-input":{"@type":"PropertyValueSpecification","valueRequired":true,"valueName":"search_term_string"}}],"inLanguage":"es"},{"@type":"Organization","@id":"https:\/\/elsalvadorllantas.com\/#organization","name":"Centro de Servicio Do\u00f1o","url":"https:\/\/elsalvadorllantas.com\/","logo":{"@type":"ImageObject","inLanguage":"es","@id":"https:\/\/elsalvadorllantas.com\/#\/schema\/logo\/image\/","url":"https:\/\/elsalvadorllantas.com\/wp-content\/uploads\/2021\/12\/Logo_Don\u0303o_Editable-CMYK-2.png","contentUrl":"https:\/\/elsalvadorllantas.com\/wp-content\/uploads\/2021\/12\/Logo_Don\u0303o_Editable-CMYK-2.png","width":2139,"height":779,"caption":"Centro de Servicio Do\u00f1o"},"image":{"@id":"https:\/\/elsalvadorllantas.com\/#\/schema\/logo\/image\/"}}]}},"_links":{"self":[{"href":"https:\/\/elsalvadorllantas.com\/index.php\/wp-json\/wp\/v2\/product\/19805","targetHints":{"allow":["GET"]}}],"collection":[{"href":"https:\/\/elsalvadorllantas.com\/index.php\/wp-json\/wp\/v2\/product"}],"about":[{"href":"https:\/\/elsalvadorllantas.com\/index.php\/wp-json\/wp\/v2\/types\/product"}],"version-history":[{"count":1,"href":"https:\/\/elsalvadorllantas.com\/index.php\/wp-json\/wp\/v2\/product\/19805\/revisions"}],"predecessor-version":[{"id":19808,"href":"https:\/\/elsalvadorllantas.com\/index.php\/wp-json\/wp\/v2\/product\/19805\/revisions\/19808"}],"wp:featuredmedia":[{"embeddable":true,"href":"https:\/\/elsalvadorllantas.com\/index.php\/wp-json\/wp\/v2\/media\/19807"}],"wp:attachment":[{"href":"https:\/\/elsalvadorllantas.com\/index.php\/wp-json\/wp\/v2\/media?parent=19805"}],"wp:term":[{"taxonomy":"product_brand","embeddable":true,"href":"https:\/\/elsalvadorllantas.com\/index.php\/wp-json\/wp\/v2\/product_brand?post=19805"},{"taxonomy":"product_cat","embeddable":true,"href":"https:\/\/elsalvadorllantas.com\/index.php\/wp-json\/wp\/v2\/product_cat?post=19805"},{"taxonomy":"product_tag","embeddable":true,"href":"https:\/\/elsalvadorllantas.com\/index.php\/wp-json\/wp\/v2\/product_tag?post=19805"}],"curies":[{"name":"wp","href":"https:\/\/api.w.org\/{rel}","templated":true}]}}