{"id":8182,"date":"2021-08-24T23:07:31","date_gmt":"2021-08-24T23:07:31","guid":{"rendered":"https:\/\/elsalvadorllantas.com\/index.php\/product\/maxxis-235-60-r18-hp600-6pr\/"},"modified":"2026-04-04T02:46:08","modified_gmt":"2026-04-04T08:46:08","slug":"maxxis-235-60-r18-hp600-6pr","status":"publish","type":"product","link":"https:\/\/elsalvadorllantas.com\/index.php\/producto\/maxxis-235-60-r18-hp600-6pr\/","title":{"rendered":"Maxxis 235\/60 R18 HP600 6PR"},"content":{"rendered":"<table style=\"height: 67px;\" border=\"2\" width=\"777\">\n<tbody>\n<tr style=\"text-align: center;\">\n<td>Lonaje<\/td>\n<td>Indice de Carga<\/td>\n<\/tr>\n<tr style=\"text-align: center;\">\n<td>6PR<\/td>\n<td>103H<\/td>\n<\/tr>\n<\/tbody>\n<\/table>\n<h1><img fetchpriority=\"high\" decoding=\"async\" class=\"alignnone size-medium wp-image-8610\" src=\"https:\/\/elsalvadorllantas.com\/wp-content\/uploads\/2021\/08\/HP-600-MAXXI-1-300x169.png\" alt=\"\" width=\"300\" height=\"169\" srcset=\"https:\/\/elsalvadorllantas.com\/wp-content\/uploads\/2021\/08\/HP-600-MAXXI-1-300x169.png 300w, https:\/\/elsalvadorllantas.com\/wp-content\/uploads\/2021\/08\/HP-600-MAXXI-1-384x216.png 384w, https:\/\/elsalvadorllantas.com\/wp-content\/uploads\/2021\/08\/HP-600-MAXXI-1-600x339.png 600w, https:\/\/elsalvadorllantas.com\/wp-content\/uploads\/2021\/08\/HP-600-MAXXI-1-64x36.png 64w, https:\/\/elsalvadorllantas.com\/wp-content\/uploads\/2021\/08\/HP-600-MAXXI-1.png 622w\" sizes=\"(max-width: 300px) 100vw, 300px\" \/><\/h1>\n<h1>Modelo HP600<\/h1>\n<p>Compuesto de caucho especialmente formulado para un confort excepcional. El kilometraje y la tracci\u00f3n sobre mojado y seco<\/p>\n<h2>Generalidades<\/h2>\n<p>La llanta HP600 brinda un desempe\u00f1o uniforme con la durabilidad extrema que esperas de Maxxis. Un dise\u00f1o uniforme de la banda de rodamiento proporciona versatilidad para manejo, dise\u00f1ada para camionetas ligeras y SUV ya que cuenta con un buen frenado, agarre y una excelente durabilidad a la hora del manejo.<\/p>\n<h2>Beneficios.<\/h2>\n<ul>\n<li>Cuatro ranuras circunferenciales en forma de U dise\u00f1ados para una excelente resistencia al derrapa miento sobre pavimentos mojados.<\/li>\n<li>Dise\u00f1o de bloques de banda de rodadura de varios largos minimiza el ruido de la banda de rodura.<\/li>\n<li>Dise\u00f1o de espiral maximiza refinamiento de marcha y durabilidad.<\/li>\n<li>Compuesto de caucho especialmente formulado para un confort excepcional en mojado y seco.<\/li>\n<\/ul>\n<h2><img decoding=\"async\" class=\"alignnone size-medium wp-image-8609\" src=\"https:\/\/elsalvadorllantas.com\/wp-content\/uploads\/2021\/08\/HP-600-MAXXI-2-300x130.png\" alt=\"\" width=\"300\" height=\"130\" srcset=\"https:\/\/elsalvadorllantas.com\/wp-content\/uploads\/2021\/08\/HP-600-MAXXI-2-300x130.png 300w, https:\/\/elsalvadorllantas.com\/wp-content\/uploads\/2021\/08\/HP-600-MAXXI-2-1024x444.png 1024w, https:\/\/elsalvadorllantas.com\/wp-content\/uploads\/2021\/08\/HP-600-MAXXI-2-768x333.png 768w, https:\/\/elsalvadorllantas.com\/wp-content\/uploads\/2021\/08\/HP-600-MAXXI-2-600x260.png 600w, https:\/\/elsalvadorllantas.com\/wp-content\/uploads\/2021\/08\/HP-600-MAXXI-2-64x28.png 64w, https:\/\/elsalvadorllantas.com\/wp-content\/uploads\/2021\/08\/HP-600-MAXXI-2.png 1362w\" sizes=\"(max-width: 300px) 100vw, 300px\" loading=\"lazy\" \/><\/h2>\n<h2>Caracter\u00edsticas de desempe\u00f1o<\/h2>\n<ul>\n<li>Resistencia al derrapa miento<\/li>\n<li>Mas confort en paseos<\/li>\n<li>Tracci\u00f3n en mojado y seco<\/li>\n<li>Durabilidad<\/li>\n<\/ul>\n<h2>Caracter\u00edsticas y beneficios de la construcci\u00f3n<\/h2>\n<p><img decoding=\"async\" class=\"alignnone wp-image-8611\" src=\"https:\/\/elsalvadorllantas.com\/wp-content\/uploads\/2021\/08\/HP-600-MAXXI-3-300x71.png\" alt=\"\" width=\"338\" height=\"80\" srcset=\"https:\/\/elsalvadorllantas.com\/wp-content\/uploads\/2021\/08\/HP-600-MAXXI-3-300x71.png 300w, https:\/\/elsalvadorllantas.com\/wp-content\/uploads\/2021\/08\/HP-600-MAXXI-3-1024x244.png 1024w, https:\/\/elsalvadorllantas.com\/wp-content\/uploads\/2021\/08\/HP-600-MAXXI-3-768x183.png 768w, https:\/\/elsalvadorllantas.com\/wp-content\/uploads\/2021\/08\/HP-600-MAXXI-3-600x143.png 600w, https:\/\/elsalvadorllantas.com\/wp-content\/uploads\/2021\/08\/HP-600-MAXXI-3-64x15.png 64w, https:\/\/elsalvadorllantas.com\/wp-content\/uploads\/2021\/08\/HP-600-MAXXI-3.png 1467w\" sizes=\"(max-width: 338px) 100vw, 338px\" loading=\"lazy\" \/><\/p>\n","protected":false},"excerpt":{"rendered":"<p>Lonaje Indice de Carga 6PR 103H Modelo HP600 Compuesto de caucho especialmente formulado para un confort excepcional. El kilometraje y la tracci\u00f3n sobre mojado y seco Generalidades La llanta HP600 brinda un desempe\u00f1o uniforme con la durabilidad extrema que esperas de Maxxis. Un dise\u00f1o uniforme de la banda de rodamiento proporciona versatilidad para manejo, dise\u00f1ada<br \/><a class=\"more-link\" href=\"https:\/\/elsalvadorllantas.com\/index.php\/producto\/maxxis-235-60-r18-hp600-6pr\/\"><br \/>\n        Ver m\u00e1s<span class=\"screen-reader-text\"> \u00abMaxxis 235\/60 R18 HP600 6PR\u00bb<\/span><\/a><\/p>\n","protected":false},"featured_media":17911,"template":"","meta":{"_acf_changed":false},"product_brand":[],"product_cat":[2246,1895,1880,2411,2407],"product_tag":[],"class_list":{"0":"post-8182","1":"product","2":"type-product","3":"status-publish","4":"has-post-thumbnail","6":"product_cat-235-60r18","7":"product_cat-hp600","8":"product_cat-maxxis","9":"product_cat-suvcuv","10":"product_cat-tipo-vehiculo","12":"first","13":"outofstock","14":"sale","15":"shipping-taxable","16":"purchasable","17":"product-type-simple"},"acf":[],"yoast_head":"<!-- This site is optimized with the Yoast SEO plugin v26.8 - https:\/\/yoast.com\/product\/yoast-seo-wordpress\/ -->\r\n<title>Maxxis 235\/60 R18 HP600 6PR - Centro de Servicio Do\u00f1o<\/title>\r\n<meta name=\"description\" content=\"La llanta MAXXIS 235\/60 R18 HP600 brinda un desempe\u00f1o uniforme con la durabilidad extrema que esperas de Maxxis\" \/>\r\n<meta name=\"robots\" content=\"index, follow, max-snippet:-1, max-image-preview:large, max-video-preview:-1\" \/>\r\n<link rel=\"canonical\" href=\"https:\/\/elsalvadorllantas.com\/index.php\/producto\/maxxis-235-60-r18-hp600-6pr\/\" \/>\r\n<meta property=\"og:locale\" content=\"es_ES\" \/>\r\n<meta property=\"og:type\" content=\"article\" \/>\r\n<meta property=\"og:title\" content=\"Maxxis 235\/60 R18 HP600 6PR - Centro de Servicio Do\u00f1o\" \/>\r\n<meta property=\"og:description\" content=\"La llanta MAXXIS 235\/60 R18 HP600 brinda un desempe\u00f1o uniforme con la durabilidad extrema que esperas de Maxxis\" \/>\r\n<meta property=\"og:url\" content=\"https:\/\/elsalvadorllantas.com\/index.php\/producto\/maxxis-235-60-r18-hp600-6pr\/\" \/>\r\n<meta property=\"og:site_name\" content=\"Centro de Servicio Do\u00f1o\" \/>\r\n<meta property=\"article:modified_time\" content=\"2026-04-04T08:46:08+00:00\" \/>\r\n<meta property=\"og:image\" content=\"https:\/\/elsalvadorllantas.com\/wp-content\/uploads\/2023\/09\/LLANTAS-MAXXIS-HP600.jpg\" \/>\r\n\t<meta property=\"og:image:width\" content=\"1200\" \/>\r\n\t<meta property=\"og:image:height\" content=\"1200\" \/>\r\n\t<meta property=\"og:image:type\" content=\"image\/jpeg\" \/>\r\n<meta name=\"twitter:card\" content=\"summary_large_image\" \/>\r\n<meta name=\"twitter:label1\" content=\"Tiempo de lectura\" \/>\n\t<meta name=\"twitter:data1\" content=\"2 minutos\" \/>\r\n<script type=\"application\/ld+json\" class=\"yoast-schema-graph\">{\"@context\":\"https:\/\/schema.org\",\"@graph\":[{\"@type\":\"WebPage\",\"@id\":\"https:\/\/elsalvadorllantas.com\/index.php\/producto\/maxxis-235-60-r18-hp600-6pr\/\",\"url\":\"https:\/\/elsalvadorllantas.com\/index.php\/producto\/maxxis-235-60-r18-hp600-6pr\/\",\"name\":\"Maxxis 235\/60 R18 HP600 6PR - Centro de Servicio Do\u00f1o\",\"isPartOf\":{\"@id\":\"https:\/\/elsalvadorllantas.com\/#website\"},\"primaryImageOfPage\":{\"@id\":\"https:\/\/elsalvadorllantas.com\/index.php\/producto\/maxxis-235-60-r18-hp600-6pr\/#primaryimage\"},\"image\":{\"@id\":\"https:\/\/elsalvadorllantas.com\/index.php\/producto\/maxxis-235-60-r18-hp600-6pr\/#primaryimage\"},\"thumbnailUrl\":\"https:\/\/elsalvadorllantas.com\/wp-content\/uploads\/2023\/09\/LLANTAS-MAXXIS-HP600.jpg\",\"datePublished\":\"2021-08-24T23:07:31+00:00\",\"dateModified\":\"2026-04-04T08:46:08+00:00\",\"description\":\"La llanta MAXXIS 235\/60 R18 HP600 brinda un desempe\u00f1o uniforme con la durabilidad extrema que esperas de Maxxis\",\"breadcrumb\":{\"@id\":\"https:\/\/elsalvadorllantas.com\/index.php\/producto\/maxxis-235-60-r18-hp600-6pr\/#breadcrumb\"},\"inLanguage\":\"es\",\"potentialAction\":[{\"@type\":\"ReadAction\",\"target\":[\"https:\/\/elsalvadorllantas.com\/index.php\/producto\/maxxis-235-60-r18-hp600-6pr\/\"]}]},{\"@type\":\"ImageObject\",\"inLanguage\":\"es\",\"@id\":\"https:\/\/elsalvadorllantas.com\/index.php\/producto\/maxxis-235-60-r18-hp600-6pr\/#primaryimage\",\"url\":\"https:\/\/elsalvadorllantas.com\/wp-content\/uploads\/2023\/09\/LLANTAS-MAXXIS-HP600.jpg\",\"contentUrl\":\"https:\/\/elsalvadorllantas.com\/wp-content\/uploads\/2023\/09\/LLANTAS-MAXXIS-HP600.jpg\",\"width\":1200,\"height\":1200},{\"@type\":\"BreadcrumbList\",\"@id\":\"https:\/\/elsalvadorllantas.com\/index.php\/producto\/maxxis-235-60-r18-hp600-6pr\/#breadcrumb\",\"itemListElement\":[{\"@type\":\"ListItem\",\"position\":1,\"name\":\"Inicio\",\"item\":\"https:\/\/elsalvadorllantas.com\/\"},{\"@type\":\"ListItem\",\"position\":2,\"name\":\"Tienda en linea\",\"item\":\"https:\/\/elsalvadorllantas.com\/index.php\/tienda-en-linea\/\"},{\"@type\":\"ListItem\",\"position\":3,\"name\":\"Maxxis 235\/60 R18 HP600 6PR\"}]},{\"@type\":\"WebSite\",\"@id\":\"https:\/\/elsalvadorllantas.com\/#website\",\"url\":\"https:\/\/elsalvadorllantas.com\/\",\"name\":\"Centro de Servicio Do\u00f1o\",\"description\":\"Venta de Llantas Nuevas - \u00a1Cotiza Ya!\",\"publisher\":{\"@id\":\"https:\/\/elsalvadorllantas.com\/#organization\"},\"potentialAction\":[{\"@type\":\"SearchAction\",\"target\":{\"@type\":\"EntryPoint\",\"urlTemplate\":\"https:\/\/elsalvadorllantas.com\/?s={search_term_string}\"},\"query-input\":{\"@type\":\"PropertyValueSpecification\",\"valueRequired\":true,\"valueName\":\"search_term_string\"}}],\"inLanguage\":\"es\"},{\"@type\":\"Organization\",\"@id\":\"https:\/\/elsalvadorllantas.com\/#organization\",\"name\":\"Centro de Servicio Do\u00f1o\",\"url\":\"https:\/\/elsalvadorllantas.com\/\",\"logo\":{\"@type\":\"ImageObject\",\"inLanguage\":\"es\",\"@id\":\"https:\/\/elsalvadorllantas.com\/#\/schema\/logo\/image\/\",\"url\":\"https:\/\/elsalvadorllantas.com\/wp-content\/uploads\/2021\/12\/Logo_Don\u0303o_Editable-CMYK-2.png\",\"contentUrl\":\"https:\/\/elsalvadorllantas.com\/wp-content\/uploads\/2021\/12\/Logo_Don\u0303o_Editable-CMYK-2.png\",\"width\":2139,\"height\":779,\"caption\":\"Centro de Servicio Do\u00f1o\"},\"image\":{\"@id\":\"https:\/\/elsalvadorllantas.com\/#\/schema\/logo\/image\/\"}}]}<\/script>\r\n<!-- \/ Yoast SEO plugin. -->","yoast_head_json":{"title":"Maxxis 235\/60 R18 HP600 6PR - Centro de Servicio Do\u00f1o","description":"La llanta MAXXIS 235\/60 R18 HP600 brinda un desempe\u00f1o uniforme con la durabilidad extrema que esperas de Maxxis","robots":{"index":"index","follow":"follow","max-snippet":"max-snippet:-1","max-image-preview":"max-image-preview:large","max-video-preview":"max-video-preview:-1"},"canonical":"https:\/\/elsalvadorllantas.com\/index.php\/producto\/maxxis-235-60-r18-hp600-6pr\/","og_locale":"es_ES","og_type":"article","og_title":"Maxxis 235\/60 R18 HP600 6PR - Centro de Servicio Do\u00f1o","og_description":"La llanta MAXXIS 235\/60 R18 HP600 brinda un desempe\u00f1o uniforme con la durabilidad extrema que esperas de Maxxis","og_url":"https:\/\/elsalvadorllantas.com\/index.php\/producto\/maxxis-235-60-r18-hp600-6pr\/","og_site_name":"Centro de Servicio Do\u00f1o","article_modified_time":"2026-04-04T08:46:08+00:00","og_image":[{"width":1200,"height":1200,"url":"https:\/\/elsalvadorllantas.com\/wp-content\/uploads\/2023\/09\/LLANTAS-MAXXIS-HP600.jpg","type":"image\/jpeg"}],"twitter_card":"summary_large_image","twitter_misc":{"Tiempo de lectura":"2 minutos"},"schema":{"@context":"https:\/\/schema.org","@graph":[{"@type":"WebPage","@id":"https:\/\/elsalvadorllantas.com\/index.php\/producto\/maxxis-235-60-r18-hp600-6pr\/","url":"https:\/\/elsalvadorllantas.com\/index.php\/producto\/maxxis-235-60-r18-hp600-6pr\/","name":"Maxxis 235\/60 R18 HP600 6PR - Centro de Servicio Do\u00f1o","isPartOf":{"@id":"https:\/\/elsalvadorllantas.com\/#website"},"primaryImageOfPage":{"@id":"https:\/\/elsalvadorllantas.com\/index.php\/producto\/maxxis-235-60-r18-hp600-6pr\/#primaryimage"},"image":{"@id":"https:\/\/elsalvadorllantas.com\/index.php\/producto\/maxxis-235-60-r18-hp600-6pr\/#primaryimage"},"thumbnailUrl":"https:\/\/elsalvadorllantas.com\/wp-content\/uploads\/2023\/09\/LLANTAS-MAXXIS-HP600.jpg","datePublished":"2021-08-24T23:07:31+00:00","dateModified":"2026-04-04T08:46:08+00:00","description":"La llanta MAXXIS 235\/60 R18 HP600 brinda un desempe\u00f1o uniforme con la durabilidad extrema que esperas de Maxxis","breadcrumb":{"@id":"https:\/\/elsalvadorllantas.com\/index.php\/producto\/maxxis-235-60-r18-hp600-6pr\/#breadcrumb"},"inLanguage":"es","potentialAction":[{"@type":"ReadAction","target":["https:\/\/elsalvadorllantas.com\/index.php\/producto\/maxxis-235-60-r18-hp600-6pr\/"]}]},{"@type":"ImageObject","inLanguage":"es","@id":"https:\/\/elsalvadorllantas.com\/index.php\/producto\/maxxis-235-60-r18-hp600-6pr\/#primaryimage","url":"https:\/\/elsalvadorllantas.com\/wp-content\/uploads\/2023\/09\/LLANTAS-MAXXIS-HP600.jpg","contentUrl":"https:\/\/elsalvadorllantas.com\/wp-content\/uploads\/2023\/09\/LLANTAS-MAXXIS-HP600.jpg","width":1200,"height":1200},{"@type":"BreadcrumbList","@id":"https:\/\/elsalvadorllantas.com\/index.php\/producto\/maxxis-235-60-r18-hp600-6pr\/#breadcrumb","itemListElement":[{"@type":"ListItem","position":1,"name":"Inicio","item":"https:\/\/elsalvadorllantas.com\/"},{"@type":"ListItem","position":2,"name":"Tienda en linea","item":"https:\/\/elsalvadorllantas.com\/index.php\/tienda-en-linea\/"},{"@type":"ListItem","position":3,"name":"Maxxis 235\/60 R18 HP600 6PR"}]},{"@type":"WebSite","@id":"https:\/\/elsalvadorllantas.com\/#website","url":"https:\/\/elsalvadorllantas.com\/","name":"Centro de Servicio Do\u00f1o","description":"Venta de Llantas Nuevas - \u00a1Cotiza Ya!","publisher":{"@id":"https:\/\/elsalvadorllantas.com\/#organization"},"potentialAction":[{"@type":"SearchAction","target":{"@type":"EntryPoint","urlTemplate":"https:\/\/elsalvadorllantas.com\/?s={search_term_string}"},"query-input":{"@type":"PropertyValueSpecification","valueRequired":true,"valueName":"search_term_string"}}],"inLanguage":"es"},{"@type":"Organization","@id":"https:\/\/elsalvadorllantas.com\/#organization","name":"Centro de Servicio Do\u00f1o","url":"https:\/\/elsalvadorllantas.com\/","logo":{"@type":"ImageObject","inLanguage":"es","@id":"https:\/\/elsalvadorllantas.com\/#\/schema\/logo\/image\/","url":"https:\/\/elsalvadorllantas.com\/wp-content\/uploads\/2021\/12\/Logo_Don\u0303o_Editable-CMYK-2.png","contentUrl":"https:\/\/elsalvadorllantas.com\/wp-content\/uploads\/2021\/12\/Logo_Don\u0303o_Editable-CMYK-2.png","width":2139,"height":779,"caption":"Centro de Servicio Do\u00f1o"},"image":{"@id":"https:\/\/elsalvadorllantas.com\/#\/schema\/logo\/image\/"}}]}},"_links":{"self":[{"href":"https:\/\/elsalvadorllantas.com\/index.php\/wp-json\/wp\/v2\/product\/8182","targetHints":{"allow":["GET"]}}],"collection":[{"href":"https:\/\/elsalvadorllantas.com\/index.php\/wp-json\/wp\/v2\/product"}],"about":[{"href":"https:\/\/elsalvadorllantas.com\/index.php\/wp-json\/wp\/v2\/types\/product"}],"version-history":[{"count":1,"href":"https:\/\/elsalvadorllantas.com\/index.php\/wp-json\/wp\/v2\/product\/8182\/revisions"}],"predecessor-version":[{"id":20705,"href":"https:\/\/elsalvadorllantas.com\/index.php\/wp-json\/wp\/v2\/product\/8182\/revisions\/20705"}],"wp:featuredmedia":[{"embeddable":true,"href":"https:\/\/elsalvadorllantas.com\/index.php\/wp-json\/wp\/v2\/media\/17911"}],"wp:attachment":[{"href":"https:\/\/elsalvadorllantas.com\/index.php\/wp-json\/wp\/v2\/media?parent=8182"}],"wp:term":[{"taxonomy":"product_brand","embeddable":true,"href":"https:\/\/elsalvadorllantas.com\/index.php\/wp-json\/wp\/v2\/product_brand?post=8182"},{"taxonomy":"product_cat","embeddable":true,"href":"https:\/\/elsalvadorllantas.com\/index.php\/wp-json\/wp\/v2\/product_cat?post=8182"},{"taxonomy":"product_tag","embeddable":true,"href":"https:\/\/elsalvadorllantas.com\/index.php\/wp-json\/wp\/v2\/product_tag?post=8182"}],"curies":[{"name":"wp","href":"https:\/\/api.w.org\/{rel}","templated":true}]}}