{"id":9982,"date":"2021-10-08T11:56:45","date_gmt":"2021-10-08T17:56:45","guid":{"rendered":"https:\/\/elsalvadorllantas.com\/?post_type=product&#038;p=9982"},"modified":"2026-04-13T23:35:02","modified_gmt":"2026-04-14T05:35:02","slug":"luxxan-245-65-r17-inspirer-f4-111h","status":"publish","type":"product","link":"https:\/\/elsalvadorllantas.com\/index.php\/producto\/luxxan-245-65-r17-inspirer-f4-111h\/","title":{"rendered":"Luxxan 245\/65 R17 INSPIRER F4 111H"},"content":{"rendered":"<h1><img decoding=\"async\" class=\"alignnone size-medium wp-image-9858\" src=\"https:\/\/elsalvadorllantas.com\/wp-content\/uploads\/2021\/10\/INSPIRER-F4-300x46.jpg\" alt=\"\" width=\"300\" height=\"46\" srcset=\"https:\/\/elsalvadorllantas.com\/wp-content\/uploads\/2021\/10\/INSPIRER-F4-300x46.jpg 300w, https:\/\/elsalvadorllantas.com\/wp-content\/uploads\/2021\/10\/INSPIRER-F4-1024x156.jpg 1024w, https:\/\/elsalvadorllantas.com\/wp-content\/uploads\/2021\/10\/INSPIRER-F4-768x117.jpg 768w, https:\/\/elsalvadorllantas.com\/wp-content\/uploads\/2021\/10\/INSPIRER-F4-1536x233.jpg 1536w, https:\/\/elsalvadorllantas.com\/wp-content\/uploads\/2021\/10\/INSPIRER-F4-2048x311.jpg 2048w, https:\/\/elsalvadorllantas.com\/wp-content\/uploads\/2021\/10\/INSPIRER-F4-600x91.jpg 600w, https:\/\/elsalvadorllantas.com\/wp-content\/uploads\/2021\/10\/INSPIRER-F4-64x10.jpg 64w\" sizes=\"(max-width: 300px) 100vw, 300px\" loading=\"lazy\" \/><\/h1>\n<h1>Modelo INSPIRER F4<\/h1>\n<p>Un neum\u00e1tico especialmente dise\u00f1ado para veh\u00edculos tipo <span class=\"error misspelling\" title=\"Se ha encontrado un posible error ortogr\u00e1fico.\" data-type=\"misspelling\" data-suggestions=\"[{&quot;value&quot;:&quot;SUS&quot;},{&quot;value&quot;:&quot;SUVA&quot;}]\" data-rule=\"MORFOLOGIK_RULE_ES\" data-word=\"SUVS\">SUVS<\/span>, veh\u00edculos <span class=\"error misspelling\" title=\"Se ha encontrado un posible error ortogr\u00e1fico.\" data-type=\"misspelling\" data-suggestions=\"[{&quot;value&quot;:&quot;UV&quot;},{&quot;value&quot;:&quot;CU&quot;},{&quot;value&quot;:&quot;CUS&quot;},{&quot;value&quot;:&quot;CUZ&quot;},{&quot;value&quot;:&quot;CSV&quot;},{&quot;value&quot;:&quot;CWV&quot;}]\" data-rule=\"MORFOLOGIK_RULE_ES\" data-word=\"CUV\">CUV<\/span> y <span class=\"grammar correction\" title=\"Se escribe con un guion.\" data-type=\"grammar\" data-suggestions=\"[{&quot;value&quot;:&quot;pick-ups&quot;}]\" data-rule=\"ES_COMPOUNDS\" data-word=\"pick ups\">pick-ups<\/span>, con un gran rendimiento. Un estilo y dise\u00f1o mejorado con gran ayuda al <span class=\"misspelling correction\" title=\"Se ha encontrado un posible error ortogr\u00e1fico.\" data-type=\"misspelling\" data-suggestions=\"[{&quot;value&quot;:&quot;desag\u00fce&quot;},{&quot;value&quot;:&quot;desag\u00fc\u00e9&quot;},{&quot;value&quot;:&quot;desagua&quot;},{&quot;value&quot;:&quot;desag\u00fces&quot;},{&quot;value&quot;:&quot;desagu\u00f3&quot;},{&quot;value&quot;:&quot;desaguo&quot;},{&quot;value&quot;:&quot;desagu\u00e1&quot;}]\" data-rule=\"MORFOLOGIK_RULE_ES\" data-word=\"desague\">desag\u00fce<\/span> de la banda de rodadura.<\/p>\n<h1>Generalidades<\/h1>\n<p>Un nuevo componente innovador que ayuda a que el agarre sea <span class=\"grammar correction\" title=\"Se acent\u00faan si equivale a \u00abtodav\u00eda\u00bb.\" data-type=\"grammar\" data-suggestions=\"[{&quot;value&quot;:&quot;a\u00fan&quot;}]\" data-rule=\"AUN2\" data-word=\"aun\">a\u00fan<\/span> mayor, su rendimiento es muy bueno con un precio asequible, es un neum\u00e1tico semi deportivo que brinda una gran resistencia al recalentamiento permitiendo altas velocidades.<\/p>\n<h1>Beneficios<\/h1>\n<ul>\n<li>Dise\u00f1o que brinda un rodaje silencioso<\/li>\n<li>Durabilidad y rendimiento eficiente<\/li>\n<li>Gran drenaje de agua.<\/li>\n<\/ul>\n<p><img fetchpriority=\"high\" decoding=\"async\" class=\"alignnone wp-image-9851\" src=\"https:\/\/elsalvadorllantas.com\/wp-content\/uploads\/2021\/10\/INSPIRER-L6-2-216x300.jpg\" alt=\"\" width=\"251\" height=\"349\" srcset=\"https:\/\/elsalvadorllantas.com\/wp-content\/uploads\/2021\/10\/INSPIRER-L6-2-216x300.jpg 216w, https:\/\/elsalvadorllantas.com\/wp-content\/uploads\/2021\/10\/INSPIRER-L6-2-737x1024.jpg 737w, https:\/\/elsalvadorllantas.com\/wp-content\/uploads\/2021\/10\/INSPIRER-L6-2-768x1067.jpg 768w, https:\/\/elsalvadorllantas.com\/wp-content\/uploads\/2021\/10\/INSPIRER-L6-2-1105x1536.jpg 1105w, https:\/\/elsalvadorllantas.com\/wp-content\/uploads\/2021\/10\/INSPIRER-L6-2-1474x2048.jpg 1474w, https:\/\/elsalvadorllantas.com\/wp-content\/uploads\/2021\/10\/INSPIRER-L6-2-600x834.jpg 600w, https:\/\/elsalvadorllantas.com\/wp-content\/uploads\/2021\/10\/INSPIRER-L6-2-64x89.jpg 64w, https:\/\/elsalvadorllantas.com\/wp-content\/uploads\/2021\/10\/INSPIRER-L6-2-scaled.jpg 1842w\" sizes=\"(max-width: 251px) 100vw, 251px\" \/><\/p>\n<h2>Caracter\u00edsticas de desempe\u00f1o<\/h2>\n<ul>\n<li>Manejo para todas las temporadas<\/li>\n<li>Gran agarre en todo momento y condicion<\/li>\n<li>Estabilidad de manejo<\/li>\n<\/ul>\n","protected":false},"excerpt":{"rendered":"<p>Modelo INSPIRER F4 Un neum\u00e1tico especialmente dise\u00f1ado para veh\u00edculos tipo SUVS, veh\u00edculos CUV y pick-ups, con un gran rendimiento. Un estilo y dise\u00f1o mejorado con gran ayuda al desag\u00fce de la banda de rodadura. Generalidades Un nuevo componente innovador que ayuda a que el agarre sea a\u00fan mayor, su rendimiento es muy bueno con un<br \/><a class=\"more-link\" href=\"https:\/\/elsalvadorllantas.com\/index.php\/producto\/luxxan-245-65-r17-inspirer-f4-111h\/\"><br \/>\n        Ver m\u00e1s<span class=\"screen-reader-text\"> \u00abLuxxan 245\/65 R17 INSPIRER F4 111H\u00bb<\/span><\/a><\/p>\n","protected":false},"featured_media":10022,"template":"","meta":{"_acf_changed":false},"product_brand":[],"product_cat":[2244,1921,1882,2432,1997],"product_tag":[],"class_list":{"0":"post-9982","1":"product","2":"type-product","3":"status-publish","4":"has-post-thumbnail","6":"product_cat-245-65r17","7":"product_cat-inspirer-f4","8":"product_cat-luxxan","9":"product_cat-camioneta","10":"product_cat-medida","12":"first","13":"outofstock","14":"sale","15":"shipping-taxable","16":"purchasable","17":"product-type-simple"},"acf":[],"yoast_head":"<!-- This site is optimized with the Yoast SEO plugin v26.8 - https:\/\/yoast.com\/product\/yoast-seo-wordpress\/ -->\r\n<title>Luxxan 245\/65 R17 INSPIRER F4 111H - Centro de Servicio Do\u00f1o<\/title>\r\n<meta name=\"description\" content=\"Un neum\u00e1tico especialmente dise\u00f1ado para veh\u00edculos tipo SUVS, veh\u00edculos CUV y pick-ups con un gran rendimiento.\" \/>\r\n<meta name=\"robots\" content=\"index, follow, max-snippet:-1, max-image-preview:large, max-video-preview:-1\" \/>\r\n<link rel=\"canonical\" href=\"https:\/\/elsalvadorllantas.com\/index.php\/producto\/luxxan-245-65-r17-inspirer-f4-111h\/\" \/>\r\n<meta property=\"og:locale\" content=\"es_ES\" \/>\r\n<meta property=\"og:type\" content=\"article\" \/>\r\n<meta property=\"og:title\" content=\"Luxxan 245\/65 R17 INSPIRER F4 111H - Centro de Servicio Do\u00f1o\" \/>\r\n<meta property=\"og:description\" content=\"Un neum\u00e1tico especialmente dise\u00f1ado para veh\u00edculos tipo SUVS, veh\u00edculos CUV y pick-ups con un gran rendimiento.\" \/>\r\n<meta property=\"og:url\" content=\"https:\/\/elsalvadorllantas.com\/index.php\/producto\/luxxan-245-65-r17-inspirer-f4-111h\/\" \/>\r\n<meta property=\"og:site_name\" content=\"Centro de Servicio Do\u00f1o\" \/>\r\n<meta property=\"article:modified_time\" content=\"2026-04-14T05:35:02+00:00\" \/>\r\n<meta property=\"og:image\" content=\"https:\/\/elsalvadorllantas.com\/wp-content\/uploads\/2021\/10\/F4-LUXXAN.jpg\" \/>\r\n\t<meta property=\"og:image:width\" content=\"1200\" \/>\r\n\t<meta property=\"og:image:height\" content=\"1200\" \/>\r\n\t<meta property=\"og:image:type\" content=\"image\/jpeg\" \/>\r\n<meta name=\"twitter:card\" content=\"summary_large_image\" \/>\r\n<meta name=\"twitter:label1\" content=\"Tiempo de lectura\" \/>\n\t<meta name=\"twitter:data1\" content=\"1 minuto\" \/>\r\n<script type=\"application\/ld+json\" class=\"yoast-schema-graph\">{\"@context\":\"https:\/\/schema.org\",\"@graph\":[{\"@type\":\"WebPage\",\"@id\":\"https:\/\/elsalvadorllantas.com\/index.php\/producto\/luxxan-245-65-r17-inspirer-f4-111h\/\",\"url\":\"https:\/\/elsalvadorllantas.com\/index.php\/producto\/luxxan-245-65-r17-inspirer-f4-111h\/\",\"name\":\"Luxxan 245\/65 R17 INSPIRER F4 111H - Centro de Servicio Do\u00f1o\",\"isPartOf\":{\"@id\":\"https:\/\/elsalvadorllantas.com\/#website\"},\"primaryImageOfPage\":{\"@id\":\"https:\/\/elsalvadorllantas.com\/index.php\/producto\/luxxan-245-65-r17-inspirer-f4-111h\/#primaryimage\"},\"image\":{\"@id\":\"https:\/\/elsalvadorllantas.com\/index.php\/producto\/luxxan-245-65-r17-inspirer-f4-111h\/#primaryimage\"},\"thumbnailUrl\":\"https:\/\/elsalvadorllantas.com\/wp-content\/uploads\/2021\/10\/F4-LUXXAN.jpg\",\"datePublished\":\"2021-10-08T17:56:45+00:00\",\"dateModified\":\"2026-04-14T05:35:02+00:00\",\"description\":\"Un neum\u00e1tico especialmente dise\u00f1ado para veh\u00edculos tipo SUVS, veh\u00edculos CUV y pick-ups con un gran rendimiento.\",\"breadcrumb\":{\"@id\":\"https:\/\/elsalvadorllantas.com\/index.php\/producto\/luxxan-245-65-r17-inspirer-f4-111h\/#breadcrumb\"},\"inLanguage\":\"es\",\"potentialAction\":[{\"@type\":\"ReadAction\",\"target\":[\"https:\/\/elsalvadorllantas.com\/index.php\/producto\/luxxan-245-65-r17-inspirer-f4-111h\/\"]}]},{\"@type\":\"ImageObject\",\"inLanguage\":\"es\",\"@id\":\"https:\/\/elsalvadorllantas.com\/index.php\/producto\/luxxan-245-65-r17-inspirer-f4-111h\/#primaryimage\",\"url\":\"https:\/\/elsalvadorllantas.com\/wp-content\/uploads\/2021\/10\/F4-LUXXAN.jpg\",\"contentUrl\":\"https:\/\/elsalvadorllantas.com\/wp-content\/uploads\/2021\/10\/F4-LUXXAN.jpg\",\"width\":1200,\"height\":1200},{\"@type\":\"BreadcrumbList\",\"@id\":\"https:\/\/elsalvadorllantas.com\/index.php\/producto\/luxxan-245-65-r17-inspirer-f4-111h\/#breadcrumb\",\"itemListElement\":[{\"@type\":\"ListItem\",\"position\":1,\"name\":\"Inicio\",\"item\":\"https:\/\/elsalvadorllantas.com\/\"},{\"@type\":\"ListItem\",\"position\":2,\"name\":\"Tienda en linea\",\"item\":\"https:\/\/elsalvadorllantas.com\/index.php\/tienda-en-linea\/\"},{\"@type\":\"ListItem\",\"position\":3,\"name\":\"Luxxan 245\/65 R17 INSPIRER F4 111H\"}]},{\"@type\":\"WebSite\",\"@id\":\"https:\/\/elsalvadorllantas.com\/#website\",\"url\":\"https:\/\/elsalvadorllantas.com\/\",\"name\":\"Centro de Servicio Do\u00f1o\",\"description\":\"Venta de Llantas Nuevas - \u00a1Cotiza Ya!\",\"publisher\":{\"@id\":\"https:\/\/elsalvadorllantas.com\/#organization\"},\"potentialAction\":[{\"@type\":\"SearchAction\",\"target\":{\"@type\":\"EntryPoint\",\"urlTemplate\":\"https:\/\/elsalvadorllantas.com\/?s={search_term_string}\"},\"query-input\":{\"@type\":\"PropertyValueSpecification\",\"valueRequired\":true,\"valueName\":\"search_term_string\"}}],\"inLanguage\":\"es\"},{\"@type\":\"Organization\",\"@id\":\"https:\/\/elsalvadorllantas.com\/#organization\",\"name\":\"Centro de Servicio Do\u00f1o\",\"url\":\"https:\/\/elsalvadorllantas.com\/\",\"logo\":{\"@type\":\"ImageObject\",\"inLanguage\":\"es\",\"@id\":\"https:\/\/elsalvadorllantas.com\/#\/schema\/logo\/image\/\",\"url\":\"https:\/\/elsalvadorllantas.com\/wp-content\/uploads\/2021\/12\/Logo_Don\u0303o_Editable-CMYK-2.png\",\"contentUrl\":\"https:\/\/elsalvadorllantas.com\/wp-content\/uploads\/2021\/12\/Logo_Don\u0303o_Editable-CMYK-2.png\",\"width\":2139,\"height\":779,\"caption\":\"Centro de Servicio Do\u00f1o\"},\"image\":{\"@id\":\"https:\/\/elsalvadorllantas.com\/#\/schema\/logo\/image\/\"}}]}<\/script>\r\n<!-- \/ Yoast SEO plugin. -->","yoast_head_json":{"title":"Luxxan 245\/65 R17 INSPIRER F4 111H - Centro de Servicio Do\u00f1o","description":"Un neum\u00e1tico especialmente dise\u00f1ado para veh\u00edculos tipo SUVS, veh\u00edculos CUV y pick-ups con un gran rendimiento.","robots":{"index":"index","follow":"follow","max-snippet":"max-snippet:-1","max-image-preview":"max-image-preview:large","max-video-preview":"max-video-preview:-1"},"canonical":"https:\/\/elsalvadorllantas.com\/index.php\/producto\/luxxan-245-65-r17-inspirer-f4-111h\/","og_locale":"es_ES","og_type":"article","og_title":"Luxxan 245\/65 R17 INSPIRER F4 111H - Centro de Servicio Do\u00f1o","og_description":"Un neum\u00e1tico especialmente dise\u00f1ado para veh\u00edculos tipo SUVS, veh\u00edculos CUV y pick-ups con un gran rendimiento.","og_url":"https:\/\/elsalvadorllantas.com\/index.php\/producto\/luxxan-245-65-r17-inspirer-f4-111h\/","og_site_name":"Centro de Servicio Do\u00f1o","article_modified_time":"2026-04-14T05:35:02+00:00","og_image":[{"width":1200,"height":1200,"url":"https:\/\/elsalvadorllantas.com\/wp-content\/uploads\/2021\/10\/F4-LUXXAN.jpg","type":"image\/jpeg"}],"twitter_card":"summary_large_image","twitter_misc":{"Tiempo de lectura":"1 minuto"},"schema":{"@context":"https:\/\/schema.org","@graph":[{"@type":"WebPage","@id":"https:\/\/elsalvadorllantas.com\/index.php\/producto\/luxxan-245-65-r17-inspirer-f4-111h\/","url":"https:\/\/elsalvadorllantas.com\/index.php\/producto\/luxxan-245-65-r17-inspirer-f4-111h\/","name":"Luxxan 245\/65 R17 INSPIRER F4 111H - Centro de Servicio Do\u00f1o","isPartOf":{"@id":"https:\/\/elsalvadorllantas.com\/#website"},"primaryImageOfPage":{"@id":"https:\/\/elsalvadorllantas.com\/index.php\/producto\/luxxan-245-65-r17-inspirer-f4-111h\/#primaryimage"},"image":{"@id":"https:\/\/elsalvadorllantas.com\/index.php\/producto\/luxxan-245-65-r17-inspirer-f4-111h\/#primaryimage"},"thumbnailUrl":"https:\/\/elsalvadorllantas.com\/wp-content\/uploads\/2021\/10\/F4-LUXXAN.jpg","datePublished":"2021-10-08T17:56:45+00:00","dateModified":"2026-04-14T05:35:02+00:00","description":"Un neum\u00e1tico especialmente dise\u00f1ado para veh\u00edculos tipo SUVS, veh\u00edculos CUV y pick-ups con un gran rendimiento.","breadcrumb":{"@id":"https:\/\/elsalvadorllantas.com\/index.php\/producto\/luxxan-245-65-r17-inspirer-f4-111h\/#breadcrumb"},"inLanguage":"es","potentialAction":[{"@type":"ReadAction","target":["https:\/\/elsalvadorllantas.com\/index.php\/producto\/luxxan-245-65-r17-inspirer-f4-111h\/"]}]},{"@type":"ImageObject","inLanguage":"es","@id":"https:\/\/elsalvadorllantas.com\/index.php\/producto\/luxxan-245-65-r17-inspirer-f4-111h\/#primaryimage","url":"https:\/\/elsalvadorllantas.com\/wp-content\/uploads\/2021\/10\/F4-LUXXAN.jpg","contentUrl":"https:\/\/elsalvadorllantas.com\/wp-content\/uploads\/2021\/10\/F4-LUXXAN.jpg","width":1200,"height":1200},{"@type":"BreadcrumbList","@id":"https:\/\/elsalvadorllantas.com\/index.php\/producto\/luxxan-245-65-r17-inspirer-f4-111h\/#breadcrumb","itemListElement":[{"@type":"ListItem","position":1,"name":"Inicio","item":"https:\/\/elsalvadorllantas.com\/"},{"@type":"ListItem","position":2,"name":"Tienda en linea","item":"https:\/\/elsalvadorllantas.com\/index.php\/tienda-en-linea\/"},{"@type":"ListItem","position":3,"name":"Luxxan 245\/65 R17 INSPIRER F4 111H"}]},{"@type":"WebSite","@id":"https:\/\/elsalvadorllantas.com\/#website","url":"https:\/\/elsalvadorllantas.com\/","name":"Centro de Servicio Do\u00f1o","description":"Venta de Llantas Nuevas - \u00a1Cotiza Ya!","publisher":{"@id":"https:\/\/elsalvadorllantas.com\/#organization"},"potentialAction":[{"@type":"SearchAction","target":{"@type":"EntryPoint","urlTemplate":"https:\/\/elsalvadorllantas.com\/?s={search_term_string}"},"query-input":{"@type":"PropertyValueSpecification","valueRequired":true,"valueName":"search_term_string"}}],"inLanguage":"es"},{"@type":"Organization","@id":"https:\/\/elsalvadorllantas.com\/#organization","name":"Centro de Servicio Do\u00f1o","url":"https:\/\/elsalvadorllantas.com\/","logo":{"@type":"ImageObject","inLanguage":"es","@id":"https:\/\/elsalvadorllantas.com\/#\/schema\/logo\/image\/","url":"https:\/\/elsalvadorllantas.com\/wp-content\/uploads\/2021\/12\/Logo_Don\u0303o_Editable-CMYK-2.png","contentUrl":"https:\/\/elsalvadorllantas.com\/wp-content\/uploads\/2021\/12\/Logo_Don\u0303o_Editable-CMYK-2.png","width":2139,"height":779,"caption":"Centro de Servicio Do\u00f1o"},"image":{"@id":"https:\/\/elsalvadorllantas.com\/#\/schema\/logo\/image\/"}}]}},"_links":{"self":[{"href":"https:\/\/elsalvadorllantas.com\/index.php\/wp-json\/wp\/v2\/product\/9982","targetHints":{"allow":["GET"]}}],"collection":[{"href":"https:\/\/elsalvadorllantas.com\/index.php\/wp-json\/wp\/v2\/product"}],"about":[{"href":"https:\/\/elsalvadorllantas.com\/index.php\/wp-json\/wp\/v2\/types\/product"}],"version-history":[{"count":0,"href":"https:\/\/elsalvadorllantas.com\/index.php\/wp-json\/wp\/v2\/product\/9982\/revisions"}],"wp:featuredmedia":[{"embeddable":true,"href":"https:\/\/elsalvadorllantas.com\/index.php\/wp-json\/wp\/v2\/media\/10022"}],"wp:attachment":[{"href":"https:\/\/elsalvadorllantas.com\/index.php\/wp-json\/wp\/v2\/media?parent=9982"}],"wp:term":[{"taxonomy":"product_brand","embeddable":true,"href":"https:\/\/elsalvadorllantas.com\/index.php\/wp-json\/wp\/v2\/product_brand?post=9982"},{"taxonomy":"product_cat","embeddable":true,"href":"https:\/\/elsalvadorllantas.com\/index.php\/wp-json\/wp\/v2\/product_cat?post=9982"},{"taxonomy":"product_tag","embeddable":true,"href":"https:\/\/elsalvadorllantas.com\/index.php\/wp-json\/wp\/v2\/product_tag?post=9982"}],"curies":[{"name":"wp","href":"https:\/\/api.w.org\/{rel}","templated":true}]}}